{"id":98,"date":"2024-04-19T00:11:51","date_gmt":"2024-04-18T22:11:51","guid":{"rendered":"https:\/\/lesitedutrombone.fr\/trombonefamily\/?page_id=98"},"modified":"2024-05-03T14:44:58","modified_gmt":"2024-05-03T12:44:58","slug":"materclass-michel-becquet","status":"publish","type":"page","link":"https:\/\/lesitedutrombone.fr\/trombonefamily\/materclass-michel-becquet\/","title":{"rendered":"Masterclass Michel Becquet"},"content":{"rendered":"\n<h5 class=\"wp-block-heading\">Vendredi 17 mai 2024 9h-12h30, salle 30<br>&amp;<br>DIMANCHE 19 MAI 2024 14h-17h, salle 20<\/h5>\n\n\n\n<figure class=\"wp-block-image size-large\"><img loading=\"lazy\" decoding=\"async\" width=\"1024\" height=\"277\" src=\"http:\/\/lesitedutrombone.fr\/trombonefamily\/wp-content\/uploads\/2023\/10\/banniere-1-1024x277.jpg\" alt=\"\" class=\"wp-image-49\" srcset=\"https:\/\/lesitedutrombone.fr\/trombonefamily\/wp-content\/uploads\/2023\/10\/banniere-1-1024x277.jpg 1024w, https:\/\/lesitedutrombone.fr\/trombonefamily\/wp-content\/uploads\/2023\/10\/banniere-1-300x81.jpg 300w, https:\/\/lesitedutrombone.fr\/trombonefamily\/wp-content\/uploads\/2023\/10\/banniere-1-768x208.jpg 768w, https:\/\/lesitedutrombone.fr\/trombonefamily\/wp-content\/uploads\/2023\/10\/banniere-1-1536x416.jpg 1536w, https:\/\/lesitedutrombone.fr\/trombonefamily\/wp-content\/uploads\/2023\/10\/banniere-1-2048x555.jpg 2048w\" sizes=\"auto, (max-width: 1024px) 100vw, 1024px\" \/><\/figure>\n\n\n\n<hr class=\"wp-block-separator has-alpha-channel-opacity\"\/>\n\n\n\n<h5 class=\"wp-block-heading\">Programme<\/h5>\n\n\n\n<p>Chauffe collective, puis masterclass publique<br><\/p>\n\n\n\n<hr class=\"wp-block-separator has-alpha-channel-opacity\"\/>\n\n\n\n<h5 class=\"wp-block-heading\">Artistes<\/h5>\n\n\n\n<figure class=\"wp-block-image size-large\"><img loading=\"lazy\" decoding=\"async\" width=\"683\" height=\"1024\" src=\"https:\/\/lesitedutrombone.fr\/trombonefamily\/wp-content\/uploads\/2024\/04\/242695890_1061435174394328_8906163303150613146_n-683x1024.jpg\" alt=\"\" class=\"wp-image-102\" srcset=\"https:\/\/lesitedutrombone.fr\/trombonefamily\/wp-content\/uploads\/2024\/04\/242695890_1061435174394328_8906163303150613146_n-683x1024.jpg 683w, https:\/\/lesitedutrombone.fr\/trombonefamily\/wp-content\/uploads\/2024\/04\/242695890_1061435174394328_8906163303150613146_n-200x300.jpg 200w, https:\/\/lesitedutrombone.fr\/trombonefamily\/wp-content\/uploads\/2024\/04\/242695890_1061435174394328_8906163303150613146_n-768x1152.jpg 768w, https:\/\/lesitedutrombone.fr\/trombonefamily\/wp-content\/uploads\/2024\/04\/242695890_1061435174394328_8906163303150613146_n-1024x1536.jpg 1024w, https:\/\/lesitedutrombone.fr\/trombonefamily\/wp-content\/uploads\/2024\/04\/242695890_1061435174394328_8906163303150613146_n.jpg 1200w\" sizes=\"auto, (max-width: 683px) 100vw, 683px\" \/><\/figure>\n\n\n\n<p><strong>Michel Becquet<\/strong>, trombone<\/p>\n\n\n\n<p>D\u00e8s son plus jeune \u00e2ge, il pratique le piano et le cor, en suivant les conseils de son p\u00e8re, lui-m\u00eame corniste professionnel, avant de se tourner vers le trombone \u00e0 l&rsquo;\u00e2ge de 10 ans. Apr\u00e8s quelques ann\u00e9es d\u2019\u00e9tudes au conservatoire de Limoges dans la classe de Jean Jeudi, il entre \u00e0 quinze ans au conservatoire de Paris o\u00f9 il obtient tr\u00e8s vite ses dipl\u00f4mes. D\u00e8s lors, il va remporter tous les concours internationaux ouverts \u00e0 son instrument (Gen\u00e8ve, Munich, Prague et Toulon).<br>\u00c0 18 ans, il devient premier trombone solo de l\u2019Orchestre de la Suisse romande sous la direction de Wolfgang Sawallisch, avant de rejoindre quelques ann\u00e9es plus tard l&rsquo;Orchestre de l&rsquo;Op\u00e9ra national de Paris pour y rester jusqu&rsquo;en 1990. En 1972 il fonde le Quatuor de Trombones de Paris avec Jacques Fourquet, Alain Manfrin et Gilles Milli\u00e8re. Ces quatre musiciens ont choisi de servir un instrument jusque-l\u00e0 m\u00e9connu. Ils ont eu un grand succ\u00e8s et une belle r\u00e9ussite. Cet ensemble a permis de d\u00e9velopper les classes de trombone.<br>En 1981, il est nomm\u00e9 professeur au Conservatoire national sup\u00e9rieur de musique et de danse de Lyon \u00e0 sa cr\u00e9ation. En plus de Lyon, il a enseign\u00e9 pendant une dizaine d\u2019ann\u00e9es \u00e0 la Musikhochschule de Cologne, jusqu\u2019en 1998. En 1989, il quitte l\u2019orchestre de l\u2019Op\u00e9ra pour la Hochschule f\u00fcr Musik de Cologne o\u00f9 il enseigne aux c\u00f4t\u00e9s de prestigieux ma\u00eetres internationaux, afin de pouvoir mieux se consacrer \u00e0 l&rsquo;enseignement et \u00e0 la cr\u00e9ation. En 1990, Gilbert Amy lui propose les fonctions de chef de D\u00e9partement Cuivres au Conservatoire national sup\u00e9rieur de musique et de danse de Lyon.<br>Michel Becquet est aussi chef permanent des \u00ab Cuivres Fran\u00e7ais \u00bb, formation de 18 musiciens de tr\u00e8s haut niveau et le directeur artistique de l&rsquo;Ensemble OCTOBONE, l&rsquo;ensemble de trombones tuba et percussions de Lyon. Sa collaboration de longue date avec le facteur d\u2019instruments Antoine Courtois et les moyens mis \u00e0 sa disposition par cette firme lui ont permis d\u2019\u00e9laborer le r\u00e9cent mod\u00e8le de trombone AC420BH. Michel Becquet intervient dans le cadre du festival Cuivres en F\u00eate, du stage epsival organis\u00e9s tous les ans au mois d&rsquo;ao\u00fbt par l&rsquo;ensemble Epsilon \u00e0 Limoges ainsi qu&rsquo;en tant que directeur du stage d&rsquo;Octobone organis\u00e9 par l&rsquo;association Trombone en Plage \u00e0 Arcachon. Il est aussi le producteur du premier disque du Quatuor KIMO\u00cfZ: \u00ab\u00a0DEBUT!\u00a0\u00bb, et directeur de l&rsquo;Octuor de Trombones de France.<\/p>\n\n\n\n<p><strong>Sarah Zajtmann<\/strong>, piano (vendredi 17 mai 2024)<\/p>\n\n\n\n<p><strong>Avec les \u00e9tudiants de Nicolas Moutier, Brian Damide, et Renaud Bernad<\/strong> (vendredi 17 mai 2024)<\/p>\n\n\n\n<figure class=\"wp-block-image size-large\"><img loading=\"lazy\" decoding=\"async\" width=\"1024\" height=\"277\" src=\"http:\/\/lesitedutrombone.fr\/trombonefamily\/wp-content\/uploads\/2023\/10\/banniere-1-1024x277.jpg\" alt=\"\" class=\"wp-image-49\" srcset=\"https:\/\/lesitedutrombone.fr\/trombonefamily\/wp-content\/uploads\/2023\/10\/banniere-1-1024x277.jpg 1024w, https:\/\/lesitedutrombone.fr\/trombonefamily\/wp-content\/uploads\/2023\/10\/banniere-1-300x81.jpg 300w, https:\/\/lesitedutrombone.fr\/trombonefamily\/wp-content\/uploads\/2023\/10\/banniere-1-768x208.jpg 768w, https:\/\/lesitedutrombone.fr\/trombonefamily\/wp-content\/uploads\/2023\/10\/banniere-1-1536x416.jpg 1536w, https:\/\/lesitedutrombone.fr\/trombonefamily\/wp-content\/uploads\/2023\/10\/banniere-1-2048x555.jpg 2048w\" sizes=\"auto, (max-width: 1024px) 100vw, 1024px\" \/><\/figure>\n","protected":false},"excerpt":{"rendered":"<p>Vendredi 17 mai 2024 9h-12h30, salle 30&amp;DIMANCHE 19 MAI 2024 14h-17h, salle 20 Programme Chauffe collective, puis masterclass publique Artistes Michel Becquet, trombone D\u00e8s son plus jeune \u00e2ge, il pratique le piano et le cor, en suivant les conseils de son p\u00e8re, lui-m\u00eame corniste professionnel, avant de se tourner vers le trombone \u00e0 l&rsquo;\u00e2ge de [&hellip;]<\/p>\n","protected":false},"author":1,"featured_media":0,"parent":0,"menu_order":0,"comment_status":"closed","ping_status":"closed","template":"","meta":{"footnotes":""},"class_list":["post-98","page","type-page","status-publish","hentry"],"_links":{"self":[{"href":"https:\/\/lesitedutrombone.fr\/trombonefamily\/wp-json\/wp\/v2\/pages\/98","targetHints":{"allow":["GET"]}}],"collection":[{"href":"https:\/\/lesitedutrombone.fr\/trombonefamily\/wp-json\/wp\/v2\/pages"}],"about":[{"href":"https:\/\/lesitedutrombone.fr\/trombonefamily\/wp-json\/wp\/v2\/types\/page"}],"author":[{"embeddable":true,"href":"https:\/\/lesitedutrombone.fr\/trombonefamily\/wp-json\/wp\/v2\/users\/1"}],"replies":[{"embeddable":true,"href":"https:\/\/lesitedutrombone.fr\/trombonefamily\/wp-json\/wp\/v2\/comments?post=98"}],"version-history":[{"count":6,"href":"https:\/\/lesitedutrombone.fr\/trombonefamily\/wp-json\/wp\/v2\/pages\/98\/revisions"}],"predecessor-version":[{"id":265,"href":"https:\/\/lesitedutrombone.fr\/trombonefamily\/wp-json\/wp\/v2\/pages\/98\/revisions\/265"}],"wp:attachment":[{"href":"https:\/\/lesitedutrombone.fr\/trombonefamily\/wp-json\/wp\/v2\/media?parent=98"}],"curies":[{"name":"wp","href":"https:\/\/api.w.org\/{rel}","templated":true}]}}

<h5 class="wp-block-heading">Vendredi 17 mai 2024 9h-12h30, salle 30<br>&amp;<br>DIMANCHE 19 MAI 2024 14h-17h, salle 20</h5>



<figure class="wp-block-image size-large"><img loading="lazy" decoding="async" width="1024" height="277" src="http://lesitedutrombone.fr/trombonefamily/wp-content/uploads/2023/10/banniere-1-1024x277.jpg" alt="" class="wp-image-49" srcset="https://lesitedutrombone.fr/trombonefamily/wp-content/uploads/2023/10/banniere-1-1024x277.jpg 1024w, https://lesitedutrombone.fr/trombonefamily/wp-content/uploads/2023/10/banniere-1-300x81.jpg 300w, https://lesitedutrombone.fr/trombonefamily/wp-content/uploads/2023/10/banniere-1-768x208.jpg 768w, https://lesitedutrombone.fr/trombonefamily/wp-content/uploads/2023/10/banniere-1-1536x416.jpg 1536w, https://lesitedutrombone.fr/trombonefamily/wp-content/uploads/2023/10/banniere-1-2048x555.jpg 2048w" sizes="auto, (max-width: 1024px) 100vw, 1024px" /></figure>



<hr class="wp-block-separator has-alpha-channel-opacity"/>



<h5 class="wp-block-heading">Programme</h5>



<p>Chauffe collective, puis masterclass publique<br></p>



<hr class="wp-block-separator has-alpha-channel-opacity"/>



<h5 class="wp-block-heading">Artistes</h5>



<figure class="wp-block-image size-large"><img loading="lazy" decoding="async" width="683" height="1024" src="https://lesitedutrombone.fr/trombonefamily/wp-content/uploads/2024/04/242695890_1061435174394328_8906163303150613146_n-683x1024.jpg" alt="" class="wp-image-102" srcset="https://lesitedutrombone.fr/trombonefamily/wp-content/uploads/2024/04/242695890_1061435174394328_8906163303150613146_n-683x1024.jpg 683w, https://lesitedutrombone.fr/trombonefamily/wp-content/uploads/2024/04/242695890_1061435174394328_8906163303150613146_n-200x300.jpg 200w, https://lesitedutrombone.fr/trombonefamily/wp-content/uploads/2024/04/242695890_1061435174394328_8906163303150613146_n-768x1152.jpg 768w, https://lesitedutrombone.fr/trombonefamily/wp-content/uploads/2024/04/242695890_1061435174394328_8906163303150613146_n-1024x1536.jpg 1024w, https://lesitedutrombone.fr/trombonefamily/wp-content/uploads/2024/04/242695890_1061435174394328_8906163303150613146_n.jpg 1200w" sizes="auto, (max-width: 683px) 100vw, 683px" /></figure>



<p><strong>Michel Becquet</strong>, trombone</p>



<p>Dès son plus jeune âge, il pratique le piano et le cor, en suivant les conseils de son père, lui-même corniste professionnel, avant de se tourner vers le trombone à l&rsquo;âge de 10 ans. Après quelques années d’études au conservatoire de Limoges dans la classe de Jean Jeudi, il entre à quinze ans au conservatoire de Paris où il obtient très vite ses diplômes. Dès lors, il va remporter tous les concours internationaux ouverts à son instrument (Genève, Munich, Prague et Toulon).<br>À 18 ans, il devient premier trombone solo de l’Orchestre de la Suisse romande sous la direction de Wolfgang Sawallisch, avant de rejoindre quelques années plus tard l&rsquo;Orchestre de l&rsquo;Opéra national de Paris pour y rester jusqu&rsquo;en 1990. En 1972 il fonde le Quatuor de Trombones de Paris avec Jacques Fourquet, Alain Manfrin et Gilles Millière. Ces quatre musiciens ont choisi de servir un instrument jusque-là méconnu. Ils ont eu un grand succès et une belle réussite. Cet ensemble a permis de développer les classes de trombone.<br>En 1981, il est nommé professeur au Conservatoire national supérieur de musique et de danse de Lyon à sa création. En plus de Lyon, il a enseigné pendant une dizaine d’années à la Musikhochschule de Cologne, jusqu’en 1998. En 1989, il quitte l’orchestre de l’Opéra pour la Hochschule für Musik de Cologne où il enseigne aux côtés de prestigieux maîtres internationaux, afin de pouvoir mieux se consacrer à l&rsquo;enseignement et à la création. En 1990, Gilbert Amy lui propose les fonctions de chef de Département Cuivres au Conservatoire national supérieur de musique et de danse de Lyon.<br>Michel Becquet est aussi chef permanent des « Cuivres Français », formation de 18 musiciens de très haut niveau et le directeur artistique de l&rsquo;Ensemble OCTOBONE, l&rsquo;ensemble de trombones tuba et percussions de Lyon. Sa collaboration de longue date avec le facteur d’instruments Antoine Courtois et les moyens mis à sa disposition par cette firme lui ont permis d’élaborer le récent modèle de trombone AC420BH. Michel Becquet intervient dans le cadre du festival Cuivres en Fête, du stage epsival organisés tous les ans au mois d&rsquo;août par l&rsquo;ensemble Epsilon à Limoges ainsi qu&rsquo;en tant que directeur du stage d&rsquo;Octobone organisé par l&rsquo;association Trombone en Plage à Arcachon. Il est aussi le producteur du premier disque du Quatuor KIMOÏZ: « DEBUT! », et directeur de l&rsquo;Octuor de Trombones de France.</p>



<p><strong>Sarah Zajtmann</strong>, piano (vendredi 17 mai 2024)</p>



<p><strong>Avec les étudiants de Nicolas Moutier, Brian Damide, et Renaud Bernad</strong> (vendredi 17 mai 2024)</p>



<figure class="wp-block-image size-large"><img loading="lazy" decoding="async" width="1024" height="277" src="http://lesitedutrombone.fr/trombonefamily/wp-content/uploads/2023/10/banniere-1-1024x277.jpg" alt="" class="wp-image-49" srcset="https://lesitedutrombone.fr/trombonefamily/wp-content/uploads/2023/10/banniere-1-1024x277.jpg 1024w, https://lesitedutrombone.fr/trombonefamily/wp-content/uploads/2023/10/banniere-1-300x81.jpg 300w, https://lesitedutrombone.fr/trombonefamily/wp-content/uploads/2023/10/banniere-1-768x208.jpg 768w, https://lesitedutrombone.fr/trombonefamily/wp-content/uploads/2023/10/banniere-1-1536x416.jpg 1536w, https://lesitedutrombone.fr/trombonefamily/wp-content/uploads/2023/10/banniere-1-2048x555.jpg 2048w" sizes="auto, (max-width: 1024px) 100vw, 1024px" /></figure>

<p>Vendredi 17 mai 2024 9h-12h30, salle 30&amp;DIMANCHE 19 MAI 2024 14h-17h, salle 20 Programme Chauffe collective, puis masterclass publique Artistes Michel Becquet, trombone Dès son plus jeune âge, il pratique le piano et le cor, en suivant les conseils de son père, lui-même corniste professionnel, avant de se tourner vers le trombone à l&rsquo;âge de [&hellip;]</p>
