{"id":2,"date":"2023-07-05T22:51:48","date_gmt":"2023-07-05T20:51:48","guid":{"rendered":"http:\/\/lesitedutrombone.fr\/trombonefamily\/?page_id=2"},"modified":"2024-05-13T10:36:49","modified_gmt":"2024-05-13T08:36:49","slug":"festival","status":"publish","type":"page","link":"https:\/\/lesitedutrombone.fr\/trombonefamily\/festival\/","title":{"rendered":"Festival"},"content":{"rendered":"\n<figure class=\"wp-block-image size-large\"><img loading=\"lazy\" decoding=\"async\" width=\"1024\" height=\"277\" src=\"http:\/\/lesitedutrombone.fr\/trombonefamily\/wp-content\/uploads\/2023\/10\/banniere-1-1024x277.jpg\" alt=\"\" class=\"wp-image-49\" srcset=\"https:\/\/lesitedutrombone.fr\/trombonefamily\/wp-content\/uploads\/2023\/10\/banniere-1-1024x277.jpg 1024w, https:\/\/lesitedutrombone.fr\/trombonefamily\/wp-content\/uploads\/2023\/10\/banniere-1-300x81.jpg 300w, https:\/\/lesitedutrombone.fr\/trombonefamily\/wp-content\/uploads\/2023\/10\/banniere-1-768x208.jpg 768w, https:\/\/lesitedutrombone.fr\/trombonefamily\/wp-content\/uploads\/2023\/10\/banniere-1-1536x416.jpg 1536w, https:\/\/lesitedutrombone.fr\/trombonefamily\/wp-content\/uploads\/2023\/10\/banniere-1-2048x555.jpg 2048w\" sizes=\"auto, (max-width: 1024px) 100vw, 1024px\" \/><\/figure>\n\n\n\n<p>Trombone Family r\u00e9unira des musiciens de toute l\u2019Europe, solistes internationaux et amateurs de tous les \u00e2ges, lors de concerts, concours de jeunes talents, conte musical jeune public, masterclasses, expositions d\u2019instruments, et happenings dans toute la ville de Strasbourg.<br>Une f\u00eate autour des cuivres, de la musique classique \u00e0 la salsa.<br><strong>100% gratuit&nbsp;!<\/strong><\/p>\n\n\n\n<p>Avec Michel Becquet, Jeffrey Kant, Fabrice Millischer, Qu4tre A4, Aaron Quartet, La Musique de l\u2019Air, Wonderbrass, Juan Gandan, Balkan express orchestra, EBE ensemble, Ensemble de trombones-tuba de la HEAR, les Brass\u2019eurs, Funk Tribute, Strasbrass, etc.<\/p>\n\n\n\n<hr class=\"wp-block-separator has-alpha-channel-opacity\"\/>\n\n\n\n<figure class=\"wp-block-image size-large\"><img loading=\"lazy\" decoding=\"async\" width=\"852\" height=\"1024\" src=\"https:\/\/lesitedutrombone.fr\/trombonefamily\/wp-content\/uploads\/2024\/05\/artistes-new-852x1024.jpg\" alt=\"\" class=\"wp-image-272\" srcset=\"https:\/\/lesitedutrombone.fr\/trombonefamily\/wp-content\/uploads\/2024\/05\/artistes-new-852x1024.jpg 852w, https:\/\/lesitedutrombone.fr\/trombonefamily\/wp-content\/uploads\/2024\/05\/artistes-new-250x300.jpg 250w, https:\/\/lesitedutrombone.fr\/trombonefamily\/wp-content\/uploads\/2024\/05\/artistes-new-768x923.jpg 768w, https:\/\/lesitedutrombone.fr\/trombonefamily\/wp-content\/uploads\/2024\/05\/artistes-new-1278x1536.jpg 1278w, https:\/\/lesitedutrombone.fr\/trombonefamily\/wp-content\/uploads\/2024\/05\/artistes-new-1704x2048.jpg 1704w\" sizes=\"auto, (max-width: 852px) 100vw, 852px\" \/><\/figure>\n\n\n\n<hr class=\"wp-block-separator has-alpha-channel-opacity\"\/>\n\n\n\n<p><strong>vendredi 17 mai 2024<\/strong><br><strong>9h<\/strong> <a href=\"https:\/\/lesitedutrombone.fr\/trombonefamily\/materclass-michel-becquet\/\" data-type=\"page\" data-id=\"98\">masterclass Michel Becquet<\/a><br><strong>13h<\/strong> <a href=\"https:\/\/lesitedutrombone.fr\/trombonefamily\/masterclass-qu4tre-a-4\/\" data-type=\"page\" data-id=\"118\">masterclass Qu4tre \u00e0 4<\/a><strong><br>18h <\/strong><a href=\"https:\/\/lesitedutrombone.fr\/trombonefamily\/happenings\/\" data-type=\"page\" data-id=\"125\">happenings sur le parvis (ensembles de la HEAR, fanfares, NHF orchestra, etc)<\/a><strong><br>20h <\/strong><a href=\"https:\/\/lesitedutrombone.fr\/trombonefamily\/concert-vendredi-20h\/\" data-type=\"page\" data-id=\"130\">Orchestre de la Musique de l\u2019Air &amp; guests (dir. Claude Kesmaecker, solistes&nbsp;: Jeffrey Kant, Qu4tre A4)<\/a><br><strong>21h30<\/strong> <a href=\"https:\/\/lesitedutrombone.fr\/trombonefamily\/concert-vendredi-21h30\/\" data-type=\"page\" data-id=\"141\">Funk Tribute (jazz\/funk), Balkan Express Orchestra (musique des Balkans)<\/a><\/p>\n\n\n\n<p><strong><br>samedi 18 mai 2024<br>8h30-19h <\/strong><a href=\"https:\/\/lesitedutrombone.fr\/trombonefamily\/concours-de-quatuor\/\" data-type=\"page\" data-id=\"165\">concours de quatuor<\/a><br><strong>16h-19h<\/strong> <a href=\"https:\/\/lesitedutrombone.fr\/trombonefamily\/happenings\/\" data-type=\"page\" data-id=\"125\">happenings sur le parvis (EBE ensemble, Strasbrass, No Limit, Cronenbourg, , fanfares, etc)<\/a><br><strong>20h<\/strong> <a href=\"https:\/\/lesitedutrombone.fr\/trombonefamily\/concert-samedi-20h\/\" data-type=\"page\" data-id=\"150\">Louise Ognois, Aaron Quartet, EBE Ensemble (Freiburg), Quatuor de Mannheim, Wonder Brass Ensemble, Ensemble de trombones-tuba de la HEAR (dir. Nicolas Moutier)<\/a><br><strong>21h30<\/strong> <a href=\"https:\/\/lesitedutrombone.fr\/trombonefamily\/concert-samedi-21h30\/\" data-type=\"page\" data-id=\"145\">Juan Gandan (salsa)<\/a><\/p>\n\n\n\n<p><br><strong>dimanche 19 mai 2024<br>9h-13h <\/strong><a href=\"https:\/\/lesitedutrombone.fr\/trombonefamily\/concours-de-quatuor\/\" data-type=\"page\" data-id=\"165\">concours de quatuor<\/a><strong><br>14h <\/strong><a href=\"https:\/\/lesitedutrombone.fr\/trombonefamily\/masterclass-jeffrey-kant\/\" data-type=\"page\" data-id=\"112\">masterclass Jeffrey Kant<\/a> et <a href=\"https:\/\/lesitedutrombone.fr\/trombonefamily\/materclass-michel-becquet\/\" data-type=\"page\" data-id=\"98\">Michel Becquet<\/a> \/ <a href=\"https:\/\/lesitedutrombone.fr\/trombonefamily\/academie-junior\/\" data-type=\"page\" data-id=\"161\">acad\u00e9mie junior St\u00e9phane Guiheux<\/a><br><strong>15h-18h45<\/strong>&nbsp;<a href=\"https:\/\/lesitedutrombone.fr\/trombonefamily\/happenings\/\" data-type=\"page\" data-id=\"125\">happenings sur le parvis (les Brass\u2019eurs, Colmar, quatuors de cuivres, fanfares, etc)<\/a><br><strong>19h<\/strong> <a href=\"https:\/\/lesitedutrombone.fr\/trombonefamily\/concert-dimanche-19h\/\" data-type=\"page\" data-id=\"159\">concours de quatuor&nbsp;(finale, accompagn\u00e9e par la Camerata de la HEAR dir. Nicolas Walle)<\/a><\/p>\n\n\n\n<p><br><strong>lundi 20 mai 2024<\/strong><br><strong>14h<\/strong>&nbsp;<a href=\"https:\/\/lesitedutrombone.fr\/trombonefamily\/conte-musical-larmoire-magique\/\" data-type=\"page\" data-id=\"168\">conte musical \u00ab&nbsp;L\u2019armoire magique&nbsp;\u00bb tout public (de R\u00e9mi Studer et Patrick Osowiecki, dir. Yves Scheppler, par l\u2019Association des trombonistes du Bas-Rhin et Alexandre Sigrist)<\/a><\/p>\n\n\n\n<p><br><strong>Pendant toute la dur\u00e9e du festival<\/strong><br><a href=\"https:\/\/lesitedutrombone.fr\/trombonefamily\/festival-off\/\" data-type=\"page\" data-id=\"197\">Happenings et moments festifs dans la Ville et dans l\u2019Eurom\u00e9tropole (groupes et fanfares)<\/a><br><a href=\"https:\/\/lesitedutrombone.fr\/trombonefamily\/expositions-et-essais-dinstruments-partitions-t-shirts-personnalites-animations\/\" data-type=\"page\" data-id=\"195\">Expositions et essais d\u2019instruments, partitions, t-shirts personnalit\u00e9s, animations\u2026<\/a><\/p>\n\n\n\n<p><br><strong>100% gratuit<\/strong><br><strong>Cit\u00e9 de la musique et de la danse (Strasbourg)<\/strong><\/p>\n\n\n\n<figure class=\"wp-block-embed is-type-video is-provider-youtube wp-block-embed-youtube wp-embed-aspect-4-3 wp-has-aspect-ratio\"><div class=\"wp-block-embed__wrapper\">\n<iframe loading=\"lazy\" title=\"Trombone Family : 17-20 mai @ Strasbourg\" width=\"500\" height=\"375\" src=\"https:\/\/www.youtube.com\/embed\/LLjR1Fg739I?feature=oembed\" frameborder=\"0\" allow=\"accelerometer; autoplay; clipboard-write; encrypted-media; gyroscope; picture-in-picture; web-share\" referrerpolicy=\"strict-origin-when-cross-origin\" allowfullscreen><\/iframe>\n<\/div><\/figure>\n\n\n\n<hr class=\"wp-block-separator has-alpha-channel-opacity\"\/>\n\n\n\n<p><strong>Organisation<\/strong><\/p>\n\n\n\n<p><strong><a href=\"https:\/\/lesitedutrombone.fr\/trombonefamily\/nicolas-moutier\/\" data-type=\"page\" data-id=\"240\">Nicolas Moutier<\/a>, pr\u00e9sident du festival<\/strong><br>Renaud Bernad, gestion de l&rsquo;orchestre \u00e0 cordes<br>Brian Damide, gestion des candidats du concours<br>Yves Scheppler, gestion du conte musical<br>Elise Marcellin, gestion du festival off et des happenings<br>L\u00e9ane Berthaud, communication et r\u00e9seaux sociaux<br>Bastien Delair, comptabilit\u00e9 et conte musical<br>Association des trombonistes du Bas-Rhin<br>Ensemble de trombones-tuba de la HEAR<\/p>\n\n\n\n<hr class=\"wp-block-separator has-alpha-channel-opacity\"\/>\n\n\n\n<p><strong>Partenaires<\/strong><\/p>\n\n\n\n<figure class=\"wp-block-image size-large\"><img loading=\"lazy\" decoding=\"async\" width=\"1024\" height=\"934\" src=\"http:\/\/lesitedutrombone.fr\/trombonefamily\/wp-content\/uploads\/2024\/05\/partenaires-1024x934.jpg\" alt=\"\" class=\"wp-image-277\" srcset=\"https:\/\/lesitedutrombone.fr\/trombonefamily\/wp-content\/uploads\/2024\/05\/partenaires-1024x934.jpg 1024w, https:\/\/lesitedutrombone.fr\/trombonefamily\/wp-content\/uploads\/2024\/05\/partenaires-300x274.jpg 300w, https:\/\/lesitedutrombone.fr\/trombonefamily\/wp-content\/uploads\/2024\/05\/partenaires-768x700.jpg 768w, https:\/\/lesitedutrombone.fr\/trombonefamily\/wp-content\/uploads\/2024\/05\/partenaires-1536x1401.jpg 1536w, https:\/\/lesitedutrombone.fr\/trombonefamily\/wp-content\/uploads\/2024\/05\/partenaires-2048x1868.jpg 2048w\" sizes=\"auto, (max-width: 1024px) 100vw, 1024px\" \/><\/figure>\n\n\n\n<hr class=\"wp-block-separator has-alpha-channel-opacity\"\/>\n\n\n\n<p>&gt; Suivez Trombone Family 2024 sur <a href=\"http:\/\/www.facebook.com\/events\/1330433924495478\" data-type=\"URL\" data-id=\"http:\/\/www.facebook.com\/events\/1330433924495478\" target=\"_blank\" rel=\"noreferrer noopener\">Facebook<\/a> et <a href=\"https:\/\/www.instagram.com\/trombone_family\" data-type=\"link\" data-id=\"https:\/\/www.instagram.com\/trombone_family\" target=\"_blank\" rel=\"noreferrer noopener\">Instagram<\/a><\/p>\n\n\n\n<hr class=\"wp-block-separator has-alpha-channel-opacity\"\/>\n\n\n\n<figure class=\"wp-block-image size-large\"><img loading=\"lazy\" decoding=\"async\" width=\"1024\" height=\"277\" src=\"http:\/\/lesitedutrombone.fr\/trombonefamily\/wp-content\/uploads\/2023\/10\/banniere-1-1024x277.jpg\" alt=\"\" class=\"wp-image-49\" srcset=\"https:\/\/lesitedutrombone.fr\/trombonefamily\/wp-content\/uploads\/2023\/10\/banniere-1-1024x277.jpg 1024w, https:\/\/lesitedutrombone.fr\/trombonefamily\/wp-content\/uploads\/2023\/10\/banniere-1-300x81.jpg 300w, https:\/\/lesitedutrombone.fr\/trombonefamily\/wp-content\/uploads\/2023\/10\/banniere-1-768x208.jpg 768w, https:\/\/lesitedutrombone.fr\/trombonefamily\/wp-content\/uploads\/2023\/10\/banniere-1-1536x416.jpg 1536w, https:\/\/lesitedutrombone.fr\/trombonefamily\/wp-content\/uploads\/2023\/10\/banniere-1-2048x555.jpg 2048w\" sizes=\"auto, (max-width: 1024px) 100vw, 1024px\" \/><\/figure>\n","protected":false},"excerpt":{"rendered":"<p>Trombone Family r\u00e9unira des musiciens de toute l\u2019Europe, solistes internationaux et amateurs de tous les \u00e2ges, lors de concerts, concours de jeunes talents, conte musical jeune public, masterclasses, expositions d\u2019instruments, et happenings dans toute la ville de Strasbourg.Une f\u00eate autour des cuivres, de la musique classique \u00e0 la salsa.100% gratuit&nbsp;! Avec Michel Becquet, Jeffrey Kant, [&hellip;]<\/p>\n","protected":false},"author":1,"featured_media":0,"parent":0,"menu_order":0,"comment_status":"closed","ping_status":"open","template":"","meta":{"footnotes":""},"class_list":["post-2","page","type-page","status-publish","hentry"],"_links":{"self":[{"href":"https:\/\/lesitedutrombone.fr\/trombonefamily\/wp-json\/wp\/v2\/pages\/2","targetHints":{"allow":["GET"]}}],"collection":[{"href":"https:\/\/lesitedutrombone.fr\/trombonefamily\/wp-json\/wp\/v2\/pages"}],"about":[{"href":"https:\/\/lesitedutrombone.fr\/trombonefamily\/wp-json\/wp\/v2\/types\/page"}],"author":[{"embeddable":true,"href":"https:\/\/lesitedutrombone.fr\/trombonefamily\/wp-json\/wp\/v2\/users\/1"}],"replies":[{"embeddable":true,"href":"https:\/\/lesitedutrombone.fr\/trombonefamily\/wp-json\/wp\/v2\/comments?post=2"}],"version-history":[{"count":30,"href":"https:\/\/lesitedutrombone.fr\/trombonefamily\/wp-json\/wp\/v2\/pages\/2\/revisions"}],"predecessor-version":[{"id":291,"href":"https:\/\/lesitedutrombone.fr\/trombonefamily\/wp-json\/wp\/v2\/pages\/2\/revisions\/291"}],"wp:attachment":[{"href":"https:\/\/lesitedutrombone.fr\/trombonefamily\/wp-json\/wp\/v2\/media?parent=2"}],"curies":[{"name":"wp","href":"https:\/\/api.w.org\/{rel}","templated":true}]}}

<figure class="wp-block-image size-large"><img loading="lazy" decoding="async" width="1024" height="277" src="http://lesitedutrombone.fr/trombonefamily/wp-content/uploads/2023/10/banniere-1-1024x277.jpg" alt="" class="wp-image-49" srcset="https://lesitedutrombone.fr/trombonefamily/wp-content/uploads/2023/10/banniere-1-1024x277.jpg 1024w, https://lesitedutrombone.fr/trombonefamily/wp-content/uploads/2023/10/banniere-1-300x81.jpg 300w, https://lesitedutrombone.fr/trombonefamily/wp-content/uploads/2023/10/banniere-1-768x208.jpg 768w, https://lesitedutrombone.fr/trombonefamily/wp-content/uploads/2023/10/banniere-1-1536x416.jpg 1536w, https://lesitedutrombone.fr/trombonefamily/wp-content/uploads/2023/10/banniere-1-2048x555.jpg 2048w" sizes="auto, (max-width: 1024px) 100vw, 1024px" /></figure>



<p>Trombone Family réunira des musiciens de toute l’Europe, solistes internationaux et amateurs de tous les âges, lors de concerts, concours de jeunes talents, conte musical jeune public, masterclasses, expositions d’instruments, et happenings dans toute la ville de Strasbourg.<br>Une fête autour des cuivres, de la musique classique à la salsa.<br><strong>100% gratuit&nbsp;!</strong></p>



<p>Avec Michel Becquet, Jeffrey Kant, Fabrice Millischer, Qu4tre A4, Aaron Quartet, La Musique de l’Air, Wonderbrass, Juan Gandan, Balkan express orchestra, EBE ensemble, Ensemble de trombones-tuba de la HEAR, les Brass’eurs, Funk Tribute, Strasbrass, etc.</p>



<hr class="wp-block-separator has-alpha-channel-opacity"/>



<figure class="wp-block-image size-large"><img loading="lazy" decoding="async" width="852" height="1024" src="https://lesitedutrombone.fr/trombonefamily/wp-content/uploads/2024/05/artistes-new-852x1024.jpg" alt="" class="wp-image-272" srcset="https://lesitedutrombone.fr/trombonefamily/wp-content/uploads/2024/05/artistes-new-852x1024.jpg 852w, https://lesitedutrombone.fr/trombonefamily/wp-content/uploads/2024/05/artistes-new-250x300.jpg 250w, https://lesitedutrombone.fr/trombonefamily/wp-content/uploads/2024/05/artistes-new-768x923.jpg 768w, https://lesitedutrombone.fr/trombonefamily/wp-content/uploads/2024/05/artistes-new-1278x1536.jpg 1278w, https://lesitedutrombone.fr/trombonefamily/wp-content/uploads/2024/05/artistes-new-1704x2048.jpg 1704w" sizes="auto, (max-width: 852px) 100vw, 852px" /></figure>



<hr class="wp-block-separator has-alpha-channel-opacity"/>



<p><strong>vendredi 17 mai 2024</strong><br><strong>9h</strong> <a href="https://lesitedutrombone.fr/trombonefamily/materclass-michel-becquet/" data-type="page" data-id="98">masterclass Michel Becquet</a><br><strong>13h</strong> <a href="https://lesitedutrombone.fr/trombonefamily/masterclass-qu4tre-a-4/" data-type="page" data-id="118">masterclass Qu4tre à 4</a><strong><br>18h </strong><a href="https://lesitedutrombone.fr/trombonefamily/happenings/" data-type="page" data-id="125">happenings sur le parvis (ensembles de la HEAR, fanfares, NHF orchestra, etc)</a><strong><br>20h </strong><a href="https://lesitedutrombone.fr/trombonefamily/concert-vendredi-20h/" data-type="page" data-id="130">Orchestre de la Musique de l’Air &amp; guests (dir. Claude Kesmaecker, solistes&nbsp;: Jeffrey Kant, Qu4tre A4)</a><br><strong>21h30</strong> <a href="https://lesitedutrombone.fr/trombonefamily/concert-vendredi-21h30/" data-type="page" data-id="141">Funk Tribute (jazz/funk), Balkan Express Orchestra (musique des Balkans)</a></p>



<p><strong><br>samedi 18 mai 2024<br>8h30-19h </strong><a href="https://lesitedutrombone.fr/trombonefamily/concours-de-quatuor/" data-type="page" data-id="165">concours de quatuor</a><br><strong>16h-19h</strong> <a href="https://lesitedutrombone.fr/trombonefamily/happenings/" data-type="page" data-id="125">happenings sur le parvis (EBE ensemble, Strasbrass, No Limit, Cronenbourg, , fanfares, etc)</a><br><strong>20h</strong> <a href="https://lesitedutrombone.fr/trombonefamily/concert-samedi-20h/" data-type="page" data-id="150">Louise Ognois, Aaron Quartet, EBE Ensemble (Freiburg), Quatuor de Mannheim, Wonder Brass Ensemble, Ensemble de trombones-tuba de la HEAR (dir. Nicolas Moutier)</a><br><strong>21h30</strong> <a href="https://lesitedutrombone.fr/trombonefamily/concert-samedi-21h30/" data-type="page" data-id="145">Juan Gandan (salsa)</a></p>



<p><br><strong>dimanche 19 mai 2024<br>9h-13h </strong><a href="https://lesitedutrombone.fr/trombonefamily/concours-de-quatuor/" data-type="page" data-id="165">concours de quatuor</a><strong><br>14h </strong><a href="https://lesitedutrombone.fr/trombonefamily/masterclass-jeffrey-kant/" data-type="page" data-id="112">masterclass Jeffrey Kant</a> et <a href="https://lesitedutrombone.fr/trombonefamily/materclass-michel-becquet/" data-type="page" data-id="98">Michel Becquet</a> / <a href="https://lesitedutrombone.fr/trombonefamily/academie-junior/" data-type="page" data-id="161">académie junior Stéphane Guiheux</a><br><strong>15h-18h45</strong>&nbsp;<a href="https://lesitedutrombone.fr/trombonefamily/happenings/" data-type="page" data-id="125">happenings sur le parvis (les Brass’eurs, Colmar, quatuors de cuivres, fanfares, etc)</a><br><strong>19h</strong> <a href="https://lesitedutrombone.fr/trombonefamily/concert-dimanche-19h/" data-type="page" data-id="159">concours de quatuor&nbsp;(finale, accompagnée par la Camerata de la HEAR dir. Nicolas Walle)</a></p>



<p><br><strong>lundi 20 mai 2024</strong><br><strong>14h</strong>&nbsp;<a href="https://lesitedutrombone.fr/trombonefamily/conte-musical-larmoire-magique/" data-type="page" data-id="168">conte musical «&nbsp;L’armoire magique&nbsp;» tout public (de Rémi Studer et Patrick Osowiecki, dir. Yves Scheppler, par l’Association des trombonistes du Bas-Rhin et Alexandre Sigrist)</a></p>



<p><br><strong>Pendant toute la durée du festival</strong><br><a href="https://lesitedutrombone.fr/trombonefamily/festival-off/" data-type="page" data-id="197">Happenings et moments festifs dans la Ville et dans l’Eurométropole (groupes et fanfares)</a><br><a href="https://lesitedutrombone.fr/trombonefamily/expositions-et-essais-dinstruments-partitions-t-shirts-personnalites-animations/" data-type="page" data-id="195">Expositions et essais d’instruments, partitions, t-shirts personnalités, animations…</a></p>



<p><br><strong>100% gratuit</strong><br><strong>Cité de la musique et de la danse (Strasbourg)</strong></p>



<figure class="wp-block-embed is-type-video is-provider-youtube wp-block-embed-youtube wp-embed-aspect-4-3 wp-has-aspect-ratio"><div class="wp-block-embed__wrapper">
<iframe loading="lazy" title="Trombone Family : 17-20 mai @ Strasbourg" width="500" height="375" src="https://www.youtube.com/embed/LLjR1Fg739I?feature=oembed" frameborder="0" allow="accelerometer; autoplay; clipboard-write; encrypted-media; gyroscope; picture-in-picture; web-share" referrerpolicy="strict-origin-when-cross-origin" allowfullscreen></iframe>
</div></figure>



<hr class="wp-block-separator has-alpha-channel-opacity"/>



<p><strong>Organisation</strong></p>



<p><strong><a href="https://lesitedutrombone.fr/trombonefamily/nicolas-moutier/" data-type="page" data-id="240">Nicolas Moutier</a>, président du festival</strong><br>Renaud Bernad, gestion de l&rsquo;orchestre à cordes<br>Brian Damide, gestion des candidats du concours<br>Yves Scheppler, gestion du conte musical<br>Elise Marcellin, gestion du festival off et des happenings<br>Léane Berthaud, communication et réseaux sociaux<br>Bastien Delair, comptabilité et conte musical<br>Association des trombonistes du Bas-Rhin<br>Ensemble de trombones-tuba de la HEAR</p>



<hr class="wp-block-separator has-alpha-channel-opacity"/>



<p><strong>Partenaires</strong></p>



<figure class="wp-block-image size-large"><img loading="lazy" decoding="async" width="1024" height="934" src="http://lesitedutrombone.fr/trombonefamily/wp-content/uploads/2024/05/partenaires-1024x934.jpg" alt="" class="wp-image-277" srcset="https://lesitedutrombone.fr/trombonefamily/wp-content/uploads/2024/05/partenaires-1024x934.jpg 1024w, https://lesitedutrombone.fr/trombonefamily/wp-content/uploads/2024/05/partenaires-300x274.jpg 300w, https://lesitedutrombone.fr/trombonefamily/wp-content/uploads/2024/05/partenaires-768x700.jpg 768w, https://lesitedutrombone.fr/trombonefamily/wp-content/uploads/2024/05/partenaires-1536x1401.jpg 1536w, https://lesitedutrombone.fr/trombonefamily/wp-content/uploads/2024/05/partenaires-2048x1868.jpg 2048w" sizes="auto, (max-width: 1024px) 100vw, 1024px" /></figure>



<hr class="wp-block-separator has-alpha-channel-opacity"/>



<p>&gt; Suivez Trombone Family 2024 sur <a href="http://www.facebook.com/events/1330433924495478" data-type="URL" data-id="http://www.facebook.com/events/1330433924495478" target="_blank" rel="noreferrer noopener">Facebook</a> et <a href="https://www.instagram.com/trombone_family" data-type="link" data-id="https://www.instagram.com/trombone_family" target="_blank" rel="noreferrer noopener">Instagram</a></p>



<hr class="wp-block-separator has-alpha-channel-opacity"/>



<figure class="wp-block-image size-large"><img loading="lazy" decoding="async" width="1024" height="277" src="http://lesitedutrombone.fr/trombonefamily/wp-content/uploads/2023/10/banniere-1-1024x277.jpg" alt="" class="wp-image-49" srcset="https://lesitedutrombone.fr/trombonefamily/wp-content/uploads/2023/10/banniere-1-1024x277.jpg 1024w, https://lesitedutrombone.fr/trombonefamily/wp-content/uploads/2023/10/banniere-1-300x81.jpg 300w, https://lesitedutrombone.fr/trombonefamily/wp-content/uploads/2023/10/banniere-1-768x208.jpg 768w, https://lesitedutrombone.fr/trombonefamily/wp-content/uploads/2023/10/banniere-1-1536x416.jpg 1536w, https://lesitedutrombone.fr/trombonefamily/wp-content/uploads/2023/10/banniere-1-2048x555.jpg 2048w" sizes="auto, (max-width: 1024px) 100vw, 1024px" /></figure>

<p>Trombone Family réunira des musiciens de toute l’Europe, solistes internationaux et amateurs de tous les âges, lors de concerts, concours de jeunes talents, conte musical jeune public, masterclasses, expositions d’instruments, et happenings dans toute la ville de Strasbourg.Une fête autour des cuivres, de la musique classique à la salsa.100% gratuit&nbsp;! Avec Michel Becquet, Jeffrey Kant, [&hellip;]</p>
