{"id":197,"date":"2024-04-22T02:08:35","date_gmt":"2024-04-22T00:08:35","guid":{"rendered":"https:\/\/lesitedutrombone.fr\/trombonefamily\/?page_id=197"},"modified":"2024-05-03T14:48:15","modified_gmt":"2024-05-03T12:48:15","slug":"festival-off","status":"publish","type":"page","link":"https:\/\/lesitedutrombone.fr\/trombonefamily\/festival-off\/","title":{"rendered":"Festival off"},"content":{"rendered":"\n<h5 class=\"wp-block-heading\">AVRIL-MAI 2024 (avant LE FESTIVAL), dans la ville de strasbourg et l&rsquo;eurometropole<\/h5>\n\n\n\n<figure class=\"wp-block-image size-large\"><img loading=\"lazy\" decoding=\"async\" width=\"1024\" height=\"277\" src=\"http:\/\/lesitedutrombone.fr\/trombonefamily\/wp-content\/uploads\/2023\/10\/banniere-1-1024x277.jpg\" alt=\"\" class=\"wp-image-49\" srcset=\"https:\/\/lesitedutrombone.fr\/trombonefamily\/wp-content\/uploads\/2023\/10\/banniere-1-1024x277.jpg 1024w, https:\/\/lesitedutrombone.fr\/trombonefamily\/wp-content\/uploads\/2023\/10\/banniere-1-300x81.jpg 300w, https:\/\/lesitedutrombone.fr\/trombonefamily\/wp-content\/uploads\/2023\/10\/banniere-1-768x208.jpg 768w, https:\/\/lesitedutrombone.fr\/trombonefamily\/wp-content\/uploads\/2023\/10\/banniere-1-1536x416.jpg 1536w, https:\/\/lesitedutrombone.fr\/trombonefamily\/wp-content\/uploads\/2023\/10\/banniere-1-2048x555.jpg 2048w\" sizes=\"auto, (max-width: 1024px) 100vw, 1024px\" \/><\/figure>\n\n\n\n<hr class=\"wp-block-separator has-alpha-channel-opacity\"\/>\n\n\n\n<h5 class=\"wp-block-heading\">Programme<\/h5>\n\n\n\n<p>Du 7 avril au 16 mai 2024.<br>Happenings et moments festifs dans Strasbourg et l\u2019Eurom\u00e9tropole (groupes et fanfares) : <br>&#8211; Place du Ch\u00e2teau dans le cadre de la F\u00eate de l&rsquo;Europe (Strasbourg)<br>&#8211; Lieu d&rsquo;Europe (Strasbourg)<br>&#8211; Place d&rsquo;Austerlitz (Strasbourg)<br>&#8211; Place Gutenberg (Strasbourg)<br>&#8211; Petite France (Strasbourg)<br>&#8211; Place devant Mus\u00e9e Mus\u00e9e d&rsquo;Art Moderne (Strasbourg)<br>&#8211; Brasserie Perle (Strasbourg)<br>&#8211; Marche du Neudorf (Strasbourg)<br>&#8211; Mundolsheim<br>&#8211; Haguenau<\/p>\n\n\n\n<figure class=\"wp-block-image size-large\"><img loading=\"lazy\" decoding=\"async\" width=\"1024\" height=\"683\" src=\"https:\/\/lesitedutrombone.fr\/trombonefamily\/wp-content\/uploads\/2024\/04\/IMG_9362-1-1024x683.jpg\" alt=\"\" class=\"wp-image-200\" srcset=\"https:\/\/lesitedutrombone.fr\/trombonefamily\/wp-content\/uploads\/2024\/04\/IMG_9362-1-1024x683.jpg 1024w, https:\/\/lesitedutrombone.fr\/trombonefamily\/wp-content\/uploads\/2024\/04\/IMG_9362-1-300x200.jpg 300w, https:\/\/lesitedutrombone.fr\/trombonefamily\/wp-content\/uploads\/2024\/04\/IMG_9362-1-768x512.jpg 768w, https:\/\/lesitedutrombone.fr\/trombonefamily\/wp-content\/uploads\/2024\/04\/IMG_9362-1-1536x1024.jpg 1536w, https:\/\/lesitedutrombone.fr\/trombonefamily\/wp-content\/uploads\/2024\/04\/IMG_9362-1-2048x1365.jpg 2048w\" sizes=\"auto, (max-width: 1024px) 100vw, 1024px\" \/><\/figure>\n\n\n\n<hr class=\"wp-block-separator has-alpha-channel-opacity\"\/>\n\n\n\n<p><strong>ARTISTES<\/strong><\/p>\n\n\n\n<p>Les \u00e9tudiants de la HEAR, fanfares et groupes de musique de chambre.<br><\/p>\n\n\n\n<hr class=\"wp-block-separator has-alpha-channel-opacity\"\/>\n\n\n\n<p>> Suivez Trombone Family 2024 sur <a href=\"http:\/\/www.facebook.com\/events\/1330433924495478\" data-type=\"URL\" data-id=\"http:\/\/www.facebook.com\/events\/1330433924495478\" target=\"_blank\" rel=\"noreferrer noopener\">Facebook<\/a> et <a href=\"https:\/\/www.instagram.com\/trombone_family\" data-type=\"link\" data-id=\"https:\/\/www.instagram.com\/trombone_family\" target=\"_blank\" rel=\"noreferrer noopener\">Instagram<\/a><\/p>\n\n\n\n<hr class=\"wp-block-separator has-alpha-channel-opacity\"\/>\n\n\n\n<figure class=\"wp-block-image size-large\"><img loading=\"lazy\" decoding=\"async\" width=\"1024\" height=\"277\" src=\"http:\/\/lesitedutrombone.fr\/trombonefamily\/wp-content\/uploads\/2023\/10\/banniere-1-1024x277.jpg\" alt=\"\" class=\"wp-image-49\" srcset=\"https:\/\/lesitedutrombone.fr\/trombonefamily\/wp-content\/uploads\/2023\/10\/banniere-1-1024x277.jpg 1024w, https:\/\/lesitedutrombone.fr\/trombonefamily\/wp-content\/uploads\/2023\/10\/banniere-1-300x81.jpg 300w, https:\/\/lesitedutrombone.fr\/trombonefamily\/wp-content\/uploads\/2023\/10\/banniere-1-768x208.jpg 768w, https:\/\/lesitedutrombone.fr\/trombonefamily\/wp-content\/uploads\/2023\/10\/banniere-1-1536x416.jpg 1536w, https:\/\/lesitedutrombone.fr\/trombonefamily\/wp-content\/uploads\/2023\/10\/banniere-1-2048x555.jpg 2048w\" sizes=\"auto, (max-width: 1024px) 100vw, 1024px\" \/><\/figure>\n","protected":false},"excerpt":{"rendered":"<p>AVRIL-MAI 2024 (avant LE FESTIVAL), dans la ville de strasbourg et l&rsquo;eurometropole Programme Du 7 avril au 16 mai 2024.Happenings et moments festifs dans Strasbourg et l\u2019Eurom\u00e9tropole (groupes et fanfares) : &#8211; Place du Ch\u00e2teau dans le cadre de la F\u00eate de l&rsquo;Europe (Strasbourg)&#8211; Lieu d&rsquo;Europe (Strasbourg)&#8211; Place d&rsquo;Austerlitz (Strasbourg)&#8211; Place Gutenberg (Strasbourg)&#8211; Petite France [&hellip;]<\/p>\n","protected":false},"author":1,"featured_media":0,"parent":0,"menu_order":0,"comment_status":"closed","ping_status":"closed","template":"","meta":{"footnotes":""},"class_list":["post-197","page","type-page","status-publish","hentry"],"_links":{"self":[{"href":"https:\/\/lesitedutrombone.fr\/trombonefamily\/wp-json\/wp\/v2\/pages\/197","targetHints":{"allow":["GET"]}}],"collection":[{"href":"https:\/\/lesitedutrombone.fr\/trombonefamily\/wp-json\/wp\/v2\/pages"}],"about":[{"href":"https:\/\/lesitedutrombone.fr\/trombonefamily\/wp-json\/wp\/v2\/types\/page"}],"author":[{"embeddable":true,"href":"https:\/\/lesitedutrombone.fr\/trombonefamily\/wp-json\/wp\/v2\/users\/1"}],"replies":[{"embeddable":true,"href":"https:\/\/lesitedutrombone.fr\/trombonefamily\/wp-json\/wp\/v2\/comments?post=197"}],"version-history":[{"count":5,"href":"https:\/\/lesitedutrombone.fr\/trombonefamily\/wp-json\/wp\/v2\/pages\/197\/revisions"}],"predecessor-version":[{"id":269,"href":"https:\/\/lesitedutrombone.fr\/trombonefamily\/wp-json\/wp\/v2\/pages\/197\/revisions\/269"}],"wp:attachment":[{"href":"https:\/\/lesitedutrombone.fr\/trombonefamily\/wp-json\/wp\/v2\/media?parent=197"}],"curies":[{"name":"wp","href":"https:\/\/api.w.org\/{rel}","templated":true}]}}

<h5 class="wp-block-heading">AVRIL-MAI 2024 (avant LE FESTIVAL), dans la ville de strasbourg et l&rsquo;eurometropole</h5>



<figure class="wp-block-image size-large"><img loading="lazy" decoding="async" width="1024" height="277" src="http://lesitedutrombone.fr/trombonefamily/wp-content/uploads/2023/10/banniere-1-1024x277.jpg" alt="" class="wp-image-49" srcset="https://lesitedutrombone.fr/trombonefamily/wp-content/uploads/2023/10/banniere-1-1024x277.jpg 1024w, https://lesitedutrombone.fr/trombonefamily/wp-content/uploads/2023/10/banniere-1-300x81.jpg 300w, https://lesitedutrombone.fr/trombonefamily/wp-content/uploads/2023/10/banniere-1-768x208.jpg 768w, https://lesitedutrombone.fr/trombonefamily/wp-content/uploads/2023/10/banniere-1-1536x416.jpg 1536w, https://lesitedutrombone.fr/trombonefamily/wp-content/uploads/2023/10/banniere-1-2048x555.jpg 2048w" sizes="auto, (max-width: 1024px) 100vw, 1024px" /></figure>



<hr class="wp-block-separator has-alpha-channel-opacity"/>



<h5 class="wp-block-heading">Programme</h5>



<p>Du 7 avril au 16 mai 2024.<br>Happenings et moments festifs dans Strasbourg et l’Eurométropole (groupes et fanfares) : <br>&#8211; Place du Château dans le cadre de la Fête de l&rsquo;Europe (Strasbourg)<br>&#8211; Lieu d&rsquo;Europe (Strasbourg)<br>&#8211; Place d&rsquo;Austerlitz (Strasbourg)<br>&#8211; Place Gutenberg (Strasbourg)<br>&#8211; Petite France (Strasbourg)<br>&#8211; Place devant Musée Musée d&rsquo;Art Moderne (Strasbourg)<br>&#8211; Brasserie Perle (Strasbourg)<br>&#8211; Marche du Neudorf (Strasbourg)<br>&#8211; Mundolsheim<br>&#8211; Haguenau</p>



<figure class="wp-block-image size-large"><img loading="lazy" decoding="async" width="1024" height="683" src="https://lesitedutrombone.fr/trombonefamily/wp-content/uploads/2024/04/IMG_9362-1-1024x683.jpg" alt="" class="wp-image-200" srcset="https://lesitedutrombone.fr/trombonefamily/wp-content/uploads/2024/04/IMG_9362-1-1024x683.jpg 1024w, https://lesitedutrombone.fr/trombonefamily/wp-content/uploads/2024/04/IMG_9362-1-300x200.jpg 300w, https://lesitedutrombone.fr/trombonefamily/wp-content/uploads/2024/04/IMG_9362-1-768x512.jpg 768w, https://lesitedutrombone.fr/trombonefamily/wp-content/uploads/2024/04/IMG_9362-1-1536x1024.jpg 1536w, https://lesitedutrombone.fr/trombonefamily/wp-content/uploads/2024/04/IMG_9362-1-2048x1365.jpg 2048w" sizes="auto, (max-width: 1024px) 100vw, 1024px" /></figure>



<hr class="wp-block-separator has-alpha-channel-opacity"/>



<p><strong>ARTISTES</strong></p>



<p>Les étudiants de la HEAR, fanfares et groupes de musique de chambre.<br></p>



<hr class="wp-block-separator has-alpha-channel-opacity"/>



<p>> Suivez Trombone Family 2024 sur <a href="http://www.facebook.com/events/1330433924495478" data-type="URL" data-id="http://www.facebook.com/events/1330433924495478" target="_blank" rel="noreferrer noopener">Facebook</a> et <a href="https://www.instagram.com/trombone_family" data-type="link" data-id="https://www.instagram.com/trombone_family" target="_blank" rel="noreferrer noopener">Instagram</a></p>



<hr class="wp-block-separator has-alpha-channel-opacity"/>



<figure class="wp-block-image size-large"><img loading="lazy" decoding="async" width="1024" height="277" src="http://lesitedutrombone.fr/trombonefamily/wp-content/uploads/2023/10/banniere-1-1024x277.jpg" alt="" class="wp-image-49" srcset="https://lesitedutrombone.fr/trombonefamily/wp-content/uploads/2023/10/banniere-1-1024x277.jpg 1024w, https://lesitedutrombone.fr/trombonefamily/wp-content/uploads/2023/10/banniere-1-300x81.jpg 300w, https://lesitedutrombone.fr/trombonefamily/wp-content/uploads/2023/10/banniere-1-768x208.jpg 768w, https://lesitedutrombone.fr/trombonefamily/wp-content/uploads/2023/10/banniere-1-1536x416.jpg 1536w, https://lesitedutrombone.fr/trombonefamily/wp-content/uploads/2023/10/banniere-1-2048x555.jpg 2048w" sizes="auto, (max-width: 1024px) 100vw, 1024px" /></figure>

<p>AVRIL-MAI 2024 (avant LE FESTIVAL), dans la ville de strasbourg et l&rsquo;eurometropole Programme Du 7 avril au 16 mai 2024.Happenings et moments festifs dans Strasbourg et l’Eurométropole (groupes et fanfares) : &#8211; Place du Château dans le cadre de la Fête de l&rsquo;Europe (Strasbourg)&#8211; Lieu d&rsquo;Europe (Strasbourg)&#8211; Place d&rsquo;Austerlitz (Strasbourg)&#8211; Place Gutenberg (Strasbourg)&#8211; Petite France [&hellip;]</p>
