{"id":159,"date":"2024-04-22T00:54:46","date_gmt":"2024-04-21T22:54:46","guid":{"rendered":"https:\/\/lesitedutrombone.fr\/trombonefamily\/?page_id=159"},"modified":"2024-05-16T23:17:26","modified_gmt":"2024-05-16T21:17:26","slug":"concert-dimanche-19h","status":"publish","type":"page","link":"https:\/\/lesitedutrombone.fr\/trombonefamily\/concert-dimanche-19h\/","title":{"rendered":"Concert dimanche 19h"},"content":{"rendered":"\n<h5 class=\"wp-block-heading\">Dimanche 19 mai 2024 19h-22h, auditorium<\/h5>\n\n\n\n<figure class=\"wp-block-image size-large\"><img loading=\"lazy\" decoding=\"async\" width=\"1024\" height=\"277\" src=\"http:\/\/lesitedutrombone.fr\/trombonefamily\/wp-content\/uploads\/2023\/10\/banniere-1-1024x277.jpg\" alt=\"\" class=\"wp-image-49\" srcset=\"https:\/\/lesitedutrombone.fr\/trombonefamily\/wp-content\/uploads\/2023\/10\/banniere-1-1024x277.jpg 1024w, https:\/\/lesitedutrombone.fr\/trombonefamily\/wp-content\/uploads\/2023\/10\/banniere-1-300x81.jpg 300w, https:\/\/lesitedutrombone.fr\/trombonefamily\/wp-content\/uploads\/2023\/10\/banniere-1-768x208.jpg 768w, https:\/\/lesitedutrombone.fr\/trombonefamily\/wp-content\/uploads\/2023\/10\/banniere-1-1536x416.jpg 1536w, https:\/\/lesitedutrombone.fr\/trombonefamily\/wp-content\/uploads\/2023\/10\/banniere-1-2048x555.jpg 2048w\" sizes=\"auto, (max-width: 1024px) 100vw, 1024px\" \/><\/figure>\n\n\n\n<hr class=\"wp-block-separator has-alpha-channel-opacity\"\/>\n\n\n\n<h5 class=\"wp-block-heading\">Programme<\/h5>\n\n\n\n<p>Finale du concours de quatuor :<br>&#8211; Traditionnel : Chanson Alsacienne<br>&#8211; Traditionnel : D&rsquo;r Hans, le tromboniste<br>&#8211; Gareth Wood : 4 pieces for 4 trombones<br>&#8211; Klaus Badelt : Pirates of Caribbean<br>&#8211; Jan Koetsier : Concertino (avec orchestre \u00e0 cordes)<\/p>\n\n\n\n<p>Antonin Dvorak : S\u00e9r\u00e9nade pour cordes<br>(Camerata de la HEAR dir. Nicolas Walle)<\/p>\n\n\n\n<p>Acad\u00e9mie Junior<br>(dir. St\u00e9phane Guiheux)<\/p>\n\n\n\n<p>Remise des Prix<\/p>\n\n\n\n<hr class=\"wp-block-separator has-alpha-channel-opacity\"\/>\n\n\n\n<h5 class=\"wp-block-heading\">Artistes<\/h5>\n\n\n\n<figure class=\"wp-block-image size-full\"><img loading=\"lazy\" decoding=\"async\" width=\"800\" height=\"800\" src=\"http:\/\/lesitedutrombone.fr\/trombonefamily\/wp-content\/uploads\/2024\/04\/IMG_5278.jpg\" alt=\"\" class=\"wp-image-180\" srcset=\"https:\/\/lesitedutrombone.fr\/trombonefamily\/wp-content\/uploads\/2024\/04\/IMG_5278.jpg 800w, https:\/\/lesitedutrombone.fr\/trombonefamily\/wp-content\/uploads\/2024\/04\/IMG_5278-300x300.jpg 300w, https:\/\/lesitedutrombone.fr\/trombonefamily\/wp-content\/uploads\/2024\/04\/IMG_5278-150x150.jpg 150w, https:\/\/lesitedutrombone.fr\/trombonefamily\/wp-content\/uploads\/2024\/04\/IMG_5278-768x768.jpg 768w\" sizes=\"auto, (max-width: 800px) 100vw, 800px\" \/><\/figure>\n\n\n\n<p><strong>Finalistes du concours national et europ\u00e9en de quatuor de trombones<\/strong><br>Fort de sa renomm\u00e9e, le concours, pr\u00e9sid\u00e9 par Michel Becquet, a lieu tous les 2 ans et rassemble des dizaines de quatuors de toute la France et de diff\u00e9rents niveaux (4 cat\u00e9gories selon les \u00e2ges).<br>Une nouvelle cat\u00e9gorie a \u00e9t\u00e9 cr\u00e9\u00e9e \u00e0 Strasbourg : la cat\u00e9gorie \u00ab\u00a0Elite Europe \u00ab\u00a0, ouverte aux jeunes \u00e9tudiants des hautes \u00e9coles de musique d&rsquo;Europe.<br>Les 30 quatuors (soit 120 candidats) venant de toute la l\u2019Europe s&rsquo;affrontent en 5 cat\u00e9gories :<br>&#8211; Bretzel (3 ans d\u2019instrument maximum, enfants ou adultes sans limite d\u2019\u00e2ge)<br>&#8211; Mezzo (la somme des \u00e2ges ne doit pas exc\u00e9der 54 ans)<br>&#8211; Espoirs (la somme des \u00e2ges ne doit pas exc\u00e9der 70 ans)<br>&#8211; Prestige (la somme des \u00e2ges ne doit pas exc\u00e9der 94 ans)<br>&#8211; Elite Europe, european competition (\u00e9tudiants des \u00e9coles sup\u00e9rieures d&rsquo;Europe, sans limite d&rsquo;\u00e2ge)<\/p>\n\n\n\n<figure class=\"wp-block-image size-full\"><img loading=\"lazy\" decoding=\"async\" width=\"1280\" height=\"640\" src=\"https:\/\/lesitedutrombone.fr\/trombonefamily\/wp-content\/uploads\/2024\/04\/conductor-8005749_1280.webp\" alt=\"\" class=\"wp-image-188\"\/><\/figure>\n\n\n\n<p><strong>Camerata de la HEAR (dir. Nicolas Walle)<\/strong><br><br>Violon<br>Clara Asbahs<br>Nina Casati<br>In\u00e8s Le Martret<br>Pablo Sevilla<br>Erwann Troubat<br>Quentin Giot<br>Margaux Bergeon<br>Thomas<br>Alexis Pereira<br>Agn\u00e8s Vallette<br>Tiphanie Tremureau<br>Marguerite Zimmer<br><br>Alto<br>Ang\u00e8le Pateau<br>Aileen-May Delery<br>Claudie Eber<br>Maude<br><br>Violoncelle<br>Pierre Poro<br>Sarah Laurent<br>Paola Bodin<br>In\u00e8s Soubeste<br><br>Contrebasse<br>Isabelle Kuss-Bildstein<br>Thomas Cornut<\/p>\n\n\n\n<p><\/p>\n\n\n\n<figure class=\"wp-block-image size-large\"><img loading=\"lazy\" decoding=\"async\" width=\"1024\" height=\"1024\" src=\"https:\/\/lesitedutrombone.fr\/trombonefamily\/wp-content\/uploads\/2024\/04\/IMG_0692-1024x1024.jpg\" alt=\"\" class=\"wp-image-222\" srcset=\"https:\/\/lesitedutrombone.fr\/trombonefamily\/wp-content\/uploads\/2024\/04\/IMG_0692-1024x1024.jpg 1024w, https:\/\/lesitedutrombone.fr\/trombonefamily\/wp-content\/uploads\/2024\/04\/IMG_0692-300x300.jpg 300w, https:\/\/lesitedutrombone.fr\/trombonefamily\/wp-content\/uploads\/2024\/04\/IMG_0692-150x150.jpg 150w, https:\/\/lesitedutrombone.fr\/trombonefamily\/wp-content\/uploads\/2024\/04\/IMG_0692-768x768.jpg 768w, https:\/\/lesitedutrombone.fr\/trombonefamily\/wp-content\/uploads\/2024\/04\/IMG_0692.jpg 1286w\" sizes=\"auto, (max-width: 1024px) 100vw, 1024px\" \/><\/figure>\n\n\n\n<p><strong>Nicolas Walle<\/strong>, chef d&rsquo;orchestre<br>Nicolas Walle commence la direction d\u2019orchestre en 2017 dans la classe de Philippe CAMBRELING au conservatoire de Chalon-sur-Sa\u00f4ne avant d\u2019entrer \u00e0 la Haute \u00e9cole des Arts du Rhin dans la classe de Theodore Guschlbauer en 2022. Il a \u00e9t\u00e9 le directeur musical de plusieurs ensembles amateurs et semi-professionnels comme la Soci\u00e9t\u00e9 Philharmonique de Dijon, l\u2019Orchestre des Jeunes de Dijon et l\u2019Ensemble Retrouvaille. Trompettiste de formation, il a aussi \u00e9t\u00e9 le chef assistant de Thierry Caens au Grand Ensemble de Cuivre du Conservatoire de Dijon. Il se sp\u00e9cialise \u00e9galement dans le r\u00e9pertoire contemporain dans la classe de Jean Philippe Wurtz et a particip\u00e9 \u00e0 la cr\u00e9ation de plusieurs pi\u00e8ces d\u2019Aur\u00e8s MOUSSONG.<\/p>\n\n\n\n<figure class=\"wp-block-image size-large\"><img loading=\"lazy\" decoding=\"async\" width=\"1024\" height=\"768\" src=\"https:\/\/lesitedutrombone.fr\/trombonefamily\/wp-content\/uploads\/2024\/04\/20210524_143134-1024x768.jpg\" alt=\"\" class=\"wp-image-186\" srcset=\"https:\/\/lesitedutrombone.fr\/trombonefamily\/wp-content\/uploads\/2024\/04\/20210524_143134-1024x768.jpg 1024w, https:\/\/lesitedutrombone.fr\/trombonefamily\/wp-content\/uploads\/2024\/04\/20210524_143134-300x225.jpg 300w, https:\/\/lesitedutrombone.fr\/trombonefamily\/wp-content\/uploads\/2024\/04\/20210524_143134-768x576.jpg 768w, https:\/\/lesitedutrombone.fr\/trombonefamily\/wp-content\/uploads\/2024\/04\/20210524_143134-1536x1152.jpg 1536w, https:\/\/lesitedutrombone.fr\/trombonefamily\/wp-content\/uploads\/2024\/04\/20210524_143134-2048x1536.jpg 2048w\" sizes=\"auto, (max-width: 1024px) 100vw, 1024px\" \/><\/figure>\n\n\n\n<p><strong>Acad\u00e9mie junior (dir. St\u00e9phane Guiheux)<\/strong><br>Restitution du travail r\u00e9alis\u00e9 dans l&rsquo;apr\u00e8s-midi avec les jeunes participants du concours de quatuor.<br>St\u00e9phane Guiheux est dipl\u00f4m\u00e9 du CNSMD de Paris, titulaire du<br>DE et du CA. Il enseigne au conservatoire de Bourg-la-Reine\/<br>Sceaux. St\u00e9phane Guiheux est membre de Panam\u2019 Trombone<br>et du Breizh Brass, trombone solo de l\u2019Orchestre Colonne et de<br>l\u2019Orchestre de Bretagne, initiateur de \u00ab Coulisses en f\u00eate \u00bb avec<br>Panam\u2019 Trombone. Il est consultant culinaires de \u00ab la revue des<br>coulisses \u00bb.<\/p>\n\n\n\n<hr class=\"wp-block-separator has-alpha-channel-opacity\"\/>\n\n\n\n<p><strong>JURY DU CONCOURS DE QUATUOR<\/strong><\/p>\n\n\n\n<p><strong>Michel Becquet (pr\u00e9sident)<\/strong><br>Soliste international, laur\u00e9at de plusieurs concours internationaux, ancien professeur au CNSMD de Lyon, membre du Quatuor de trombones de Paris<br><br><strong>Renaud Bernad<\/strong><br>Trombone de l&rsquo;Orchestre Philharmonique de Strasbourg, professeur au Conservatoire de Strasbourg<br><br><strong>Jeffrey Kant<\/strong><br>Trombone solo du WDR Sinfonieorchester K\u00f6ln, membre du New Trombone Collective et du Quatuor Bruckner<br><br><strong>Philippe Lorthios<\/strong><br>Trombone membre de Qu4tre \u00e0 4<br><br><strong>Fabrice Millischer<\/strong><br>Soliste international, professeur au CNSMD de Paris et \u00e0 la Hochschule de Freiburg<br><br><strong>Louise Ognois<\/strong><br>Trombone solo de l&rsquo;Orchestre Philharmonique de Marseille puis de l\u2019Orchestre National du Capitole de Toulouse<\/p>\n\n\n\n<hr class=\"wp-block-separator has-alpha-channel-opacity\"\/>\n\n\n\n<p><strong>PARTENAIRES<\/strong><\/p>\n\n\n\n<figure class=\"wp-block-image size-large\"><img loading=\"lazy\" decoding=\"async\" width=\"1024\" height=\"918\" src=\"http:\/\/lesitedutrombone.fr\/trombonefamily\/wp-content\/uploads\/2024\/04\/partenaires-1-1024x918.jpg\" alt=\"\" class=\"wp-image-92\" srcset=\"https:\/\/lesitedutrombone.fr\/trombonefamily\/wp-content\/uploads\/2024\/04\/partenaires-1-1024x918.jpg 1024w, https:\/\/lesitedutrombone.fr\/trombonefamily\/wp-content\/uploads\/2024\/04\/partenaires-1-300x269.jpg 300w, https:\/\/lesitedutrombone.fr\/trombonefamily\/wp-content\/uploads\/2024\/04\/partenaires-1-768x688.jpg 768w, https:\/\/lesitedutrombone.fr\/trombonefamily\/wp-content\/uploads\/2024\/04\/partenaires-1-1536x1376.jpg 1536w, https:\/\/lesitedutrombone.fr\/trombonefamily\/wp-content\/uploads\/2024\/04\/partenaires-1-2048x1835.jpg 2048w\" sizes=\"auto, (max-width: 1024px) 100vw, 1024px\" \/><\/figure>\n\n\n\n<figure class=\"wp-block-image size-large\"><img loading=\"lazy\" decoding=\"async\" width=\"1024\" height=\"277\" src=\"http:\/\/lesitedutrombone.fr\/trombonefamily\/wp-content\/uploads\/2023\/10\/banniere-1-1024x277.jpg\" alt=\"\" class=\"wp-image-49\" srcset=\"https:\/\/lesitedutrombone.fr\/trombonefamily\/wp-content\/uploads\/2023\/10\/banniere-1-1024x277.jpg 1024w, https:\/\/lesitedutrombone.fr\/trombonefamily\/wp-content\/uploads\/2023\/10\/banniere-1-300x81.jpg 300w, https:\/\/lesitedutrombone.fr\/trombonefamily\/wp-content\/uploads\/2023\/10\/banniere-1-768x208.jpg 768w, https:\/\/lesitedutrombone.fr\/trombonefamily\/wp-content\/uploads\/2023\/10\/banniere-1-1536x416.jpg 1536w, https:\/\/lesitedutrombone.fr\/trombonefamily\/wp-content\/uploads\/2023\/10\/banniere-1-2048x555.jpg 2048w\" sizes=\"auto, (max-width: 1024px) 100vw, 1024px\" \/><\/figure>\n","protected":false},"excerpt":{"rendered":"<p>Dimanche 19 mai 2024 19h-22h, auditorium Programme Finale du concours de quatuor :&#8211; Traditionnel : Chanson Alsacienne&#8211; Traditionnel : D&rsquo;r Hans, le tromboniste&#8211; Gareth Wood : 4 pieces for 4 trombones&#8211; Klaus Badelt : Pirates of Caribbean&#8211; Jan Koetsier : Concertino (avec orchestre \u00e0 cordes) Antonin Dvorak : S\u00e9r\u00e9nade pour cordes(Camerata de la HEAR dir. [&hellip;]<\/p>\n","protected":false},"author":1,"featured_media":0,"parent":0,"menu_order":0,"comment_status":"closed","ping_status":"closed","template":"","meta":{"footnotes":""},"class_list":["post-159","page","type-page","status-publish","hentry"],"_links":{"self":[{"href":"https:\/\/lesitedutrombone.fr\/trombonefamily\/wp-json\/wp\/v2\/pages\/159","targetHints":{"allow":["GET"]}}],"collection":[{"href":"https:\/\/lesitedutrombone.fr\/trombonefamily\/wp-json\/wp\/v2\/pages"}],"about":[{"href":"https:\/\/lesitedutrombone.fr\/trombonefamily\/wp-json\/wp\/v2\/types\/page"}],"author":[{"embeddable":true,"href":"https:\/\/lesitedutrombone.fr\/trombonefamily\/wp-json\/wp\/v2\/users\/1"}],"replies":[{"embeddable":true,"href":"https:\/\/lesitedutrombone.fr\/trombonefamily\/wp-json\/wp\/v2\/comments?post=159"}],"version-history":[{"count":8,"href":"https:\/\/lesitedutrombone.fr\/trombonefamily\/wp-json\/wp\/v2\/pages\/159\/revisions"}],"predecessor-version":[{"id":297,"href":"https:\/\/lesitedutrombone.fr\/trombonefamily\/wp-json\/wp\/v2\/pages\/159\/revisions\/297"}],"wp:attachment":[{"href":"https:\/\/lesitedutrombone.fr\/trombonefamily\/wp-json\/wp\/v2\/media?parent=159"}],"curies":[{"name":"wp","href":"https:\/\/api.w.org\/{rel}","templated":true}]}}

<h5 class="wp-block-heading">Dimanche 19 mai 2024 19h-22h, auditorium</h5>



<figure class="wp-block-image size-large"><img loading="lazy" decoding="async" width="1024" height="277" src="http://lesitedutrombone.fr/trombonefamily/wp-content/uploads/2023/10/banniere-1-1024x277.jpg" alt="" class="wp-image-49" srcset="https://lesitedutrombone.fr/trombonefamily/wp-content/uploads/2023/10/banniere-1-1024x277.jpg 1024w, https://lesitedutrombone.fr/trombonefamily/wp-content/uploads/2023/10/banniere-1-300x81.jpg 300w, https://lesitedutrombone.fr/trombonefamily/wp-content/uploads/2023/10/banniere-1-768x208.jpg 768w, https://lesitedutrombone.fr/trombonefamily/wp-content/uploads/2023/10/banniere-1-1536x416.jpg 1536w, https://lesitedutrombone.fr/trombonefamily/wp-content/uploads/2023/10/banniere-1-2048x555.jpg 2048w" sizes="auto, (max-width: 1024px) 100vw, 1024px" /></figure>



<hr class="wp-block-separator has-alpha-channel-opacity"/>



<h5 class="wp-block-heading">Programme</h5>



<p>Finale du concours de quatuor :<br>&#8211; Traditionnel : Chanson Alsacienne<br>&#8211; Traditionnel : D&rsquo;r Hans, le tromboniste<br>&#8211; Gareth Wood : 4 pieces for 4 trombones<br>&#8211; Klaus Badelt : Pirates of Caribbean<br>&#8211; Jan Koetsier : Concertino (avec orchestre à cordes)</p>



<p>Antonin Dvorak : Sérénade pour cordes<br>(Camerata de la HEAR dir. Nicolas Walle)</p>



<p>Académie Junior<br>(dir. Stéphane Guiheux)</p>



<p>Remise des Prix</p>



<hr class="wp-block-separator has-alpha-channel-opacity"/>



<h5 class="wp-block-heading">Artistes</h5>



<figure class="wp-block-image size-full"><img loading="lazy" decoding="async" width="800" height="800" src="http://lesitedutrombone.fr/trombonefamily/wp-content/uploads/2024/04/IMG_5278.jpg" alt="" class="wp-image-180" srcset="https://lesitedutrombone.fr/trombonefamily/wp-content/uploads/2024/04/IMG_5278.jpg 800w, https://lesitedutrombone.fr/trombonefamily/wp-content/uploads/2024/04/IMG_5278-300x300.jpg 300w, https://lesitedutrombone.fr/trombonefamily/wp-content/uploads/2024/04/IMG_5278-150x150.jpg 150w, https://lesitedutrombone.fr/trombonefamily/wp-content/uploads/2024/04/IMG_5278-768x768.jpg 768w" sizes="auto, (max-width: 800px) 100vw, 800px" /></figure>



<p><strong>Finalistes du concours national et européen de quatuor de trombones</strong><br>Fort de sa renommée, le concours, présidé par Michel Becquet, a lieu tous les 2 ans et rassemble des dizaines de quatuors de toute la France et de différents niveaux (4 catégories selon les âges).<br>Une nouvelle catégorie a été créée à Strasbourg : la catégorie « Elite Europe « , ouverte aux jeunes étudiants des hautes écoles de musique d&rsquo;Europe.<br>Les 30 quatuors (soit 120 candidats) venant de toute la l’Europe s&rsquo;affrontent en 5 catégories :<br>&#8211; Bretzel (3 ans d’instrument maximum, enfants ou adultes sans limite d’âge)<br>&#8211; Mezzo (la somme des âges ne doit pas excéder 54 ans)<br>&#8211; Espoirs (la somme des âges ne doit pas excéder 70 ans)<br>&#8211; Prestige (la somme des âges ne doit pas excéder 94 ans)<br>&#8211; Elite Europe, european competition (étudiants des écoles supérieures d&rsquo;Europe, sans limite d&rsquo;âge)</p>



<figure class="wp-block-image size-full"><img loading="lazy" decoding="async" width="1280" height="640" src="https://lesitedutrombone.fr/trombonefamily/wp-content/uploads/2024/04/conductor-8005749_1280.webp" alt="" class="wp-image-188"/></figure>



<p><strong>Camerata de la HEAR (dir. Nicolas Walle)</strong><br><br>Violon<br>Clara Asbahs<br>Nina Casati<br>Inès Le Martret<br>Pablo Sevilla<br>Erwann Troubat<br>Quentin Giot<br>Margaux Bergeon<br>Thomas<br>Alexis Pereira<br>Agnès Vallette<br>Tiphanie Tremureau<br>Marguerite Zimmer<br><br>Alto<br>Angèle Pateau<br>Aileen-May Delery<br>Claudie Eber<br>Maude<br><br>Violoncelle<br>Pierre Poro<br>Sarah Laurent<br>Paola Bodin<br>Inès Soubeste<br><br>Contrebasse<br>Isabelle Kuss-Bildstein<br>Thomas Cornut</p>



<p></p>



<figure class="wp-block-image size-large"><img loading="lazy" decoding="async" width="1024" height="1024" src="https://lesitedutrombone.fr/trombonefamily/wp-content/uploads/2024/04/IMG_0692-1024x1024.jpg" alt="" class="wp-image-222" srcset="https://lesitedutrombone.fr/trombonefamily/wp-content/uploads/2024/04/IMG_0692-1024x1024.jpg 1024w, https://lesitedutrombone.fr/trombonefamily/wp-content/uploads/2024/04/IMG_0692-300x300.jpg 300w, https://lesitedutrombone.fr/trombonefamily/wp-content/uploads/2024/04/IMG_0692-150x150.jpg 150w, https://lesitedutrombone.fr/trombonefamily/wp-content/uploads/2024/04/IMG_0692-768x768.jpg 768w, https://lesitedutrombone.fr/trombonefamily/wp-content/uploads/2024/04/IMG_0692.jpg 1286w" sizes="auto, (max-width: 1024px) 100vw, 1024px" /></figure>



<p><strong>Nicolas Walle</strong>, chef d&rsquo;orchestre<br>Nicolas Walle commence la direction d’orchestre en 2017 dans la classe de Philippe CAMBRELING au conservatoire de Chalon-sur-Saône avant d’entrer à la Haute école des Arts du Rhin dans la classe de Theodore Guschlbauer en 2022. Il a été le directeur musical de plusieurs ensembles amateurs et semi-professionnels comme la Société Philharmonique de Dijon, l’Orchestre des Jeunes de Dijon et l’Ensemble Retrouvaille. Trompettiste de formation, il a aussi été le chef assistant de Thierry Caens au Grand Ensemble de Cuivre du Conservatoire de Dijon. Il se spécialise également dans le répertoire contemporain dans la classe de Jean Philippe Wurtz et a participé à la création de plusieurs pièces d’Aurès MOUSSONG.</p>



<figure class="wp-block-image size-large"><img loading="lazy" decoding="async" width="1024" height="768" src="https://lesitedutrombone.fr/trombonefamily/wp-content/uploads/2024/04/20210524_143134-1024x768.jpg" alt="" class="wp-image-186" srcset="https://lesitedutrombone.fr/trombonefamily/wp-content/uploads/2024/04/20210524_143134-1024x768.jpg 1024w, https://lesitedutrombone.fr/trombonefamily/wp-content/uploads/2024/04/20210524_143134-300x225.jpg 300w, https://lesitedutrombone.fr/trombonefamily/wp-content/uploads/2024/04/20210524_143134-768x576.jpg 768w, https://lesitedutrombone.fr/trombonefamily/wp-content/uploads/2024/04/20210524_143134-1536x1152.jpg 1536w, https://lesitedutrombone.fr/trombonefamily/wp-content/uploads/2024/04/20210524_143134-2048x1536.jpg 2048w" sizes="auto, (max-width: 1024px) 100vw, 1024px" /></figure>



<p><strong>Académie junior (dir. Stéphane Guiheux)</strong><br>Restitution du travail réalisé dans l&rsquo;après-midi avec les jeunes participants du concours de quatuor.<br>Stéphane Guiheux est diplômé du CNSMD de Paris, titulaire du<br>DE et du CA. Il enseigne au conservatoire de Bourg-la-Reine/<br>Sceaux. Stéphane Guiheux est membre de Panam’ Trombone<br>et du Breizh Brass, trombone solo de l’Orchestre Colonne et de<br>l’Orchestre de Bretagne, initiateur de « Coulisses en fête » avec<br>Panam’ Trombone. Il est consultant culinaires de « la revue des<br>coulisses ».</p>



<hr class="wp-block-separator has-alpha-channel-opacity"/>



<p><strong>JURY DU CONCOURS DE QUATUOR</strong></p>



<p><strong>Michel Becquet (président)</strong><br>Soliste international, lauréat de plusieurs concours internationaux, ancien professeur au CNSMD de Lyon, membre du Quatuor de trombones de Paris<br><br><strong>Renaud Bernad</strong><br>Trombone de l&rsquo;Orchestre Philharmonique de Strasbourg, professeur au Conservatoire de Strasbourg<br><br><strong>Jeffrey Kant</strong><br>Trombone solo du WDR Sinfonieorchester Köln, membre du New Trombone Collective et du Quatuor Bruckner<br><br><strong>Philippe Lorthios</strong><br>Trombone membre de Qu4tre à 4<br><br><strong>Fabrice Millischer</strong><br>Soliste international, professeur au CNSMD de Paris et à la Hochschule de Freiburg<br><br><strong>Louise Ognois</strong><br>Trombone solo de l&rsquo;Orchestre Philharmonique de Marseille puis de l’Orchestre National du Capitole de Toulouse</p>



<hr class="wp-block-separator has-alpha-channel-opacity"/>



<p><strong>PARTENAIRES</strong></p>



<figure class="wp-block-image size-large"><img loading="lazy" decoding="async" width="1024" height="918" src="http://lesitedutrombone.fr/trombonefamily/wp-content/uploads/2024/04/partenaires-1-1024x918.jpg" alt="" class="wp-image-92" srcset="https://lesitedutrombone.fr/trombonefamily/wp-content/uploads/2024/04/partenaires-1-1024x918.jpg 1024w, https://lesitedutrombone.fr/trombonefamily/wp-content/uploads/2024/04/partenaires-1-300x269.jpg 300w, https://lesitedutrombone.fr/trombonefamily/wp-content/uploads/2024/04/partenaires-1-768x688.jpg 768w, https://lesitedutrombone.fr/trombonefamily/wp-content/uploads/2024/04/partenaires-1-1536x1376.jpg 1536w, https://lesitedutrombone.fr/trombonefamily/wp-content/uploads/2024/04/partenaires-1-2048x1835.jpg 2048w" sizes="auto, (max-width: 1024px) 100vw, 1024px" /></figure>



<figure class="wp-block-image size-large"><img loading="lazy" decoding="async" width="1024" height="277" src="http://lesitedutrombone.fr/trombonefamily/wp-content/uploads/2023/10/banniere-1-1024x277.jpg" alt="" class="wp-image-49" srcset="https://lesitedutrombone.fr/trombonefamily/wp-content/uploads/2023/10/banniere-1-1024x277.jpg 1024w, https://lesitedutrombone.fr/trombonefamily/wp-content/uploads/2023/10/banniere-1-300x81.jpg 300w, https://lesitedutrombone.fr/trombonefamily/wp-content/uploads/2023/10/banniere-1-768x208.jpg 768w, https://lesitedutrombone.fr/trombonefamily/wp-content/uploads/2023/10/banniere-1-1536x416.jpg 1536w, https://lesitedutrombone.fr/trombonefamily/wp-content/uploads/2023/10/banniere-1-2048x555.jpg 2048w" sizes="auto, (max-width: 1024px) 100vw, 1024px" /></figure>

<p>Dimanche 19 mai 2024 19h-22h, auditorium Programme Finale du concours de quatuor :&#8211; Traditionnel : Chanson Alsacienne&#8211; Traditionnel : D&rsquo;r Hans, le tromboniste&#8211; Gareth Wood : 4 pieces for 4 trombones&#8211; Klaus Badelt : Pirates of Caribbean&#8211; Jan Koetsier : Concertino (avec orchestre à cordes) Antonin Dvorak : Sérénade pour cordes(Camerata de la HEAR dir. [&hellip;]</p>
