{"id":130,"date":"2024-04-21T23:51:56","date_gmt":"2024-04-21T21:51:56","guid":{"rendered":"https:\/\/lesitedutrombone.fr\/trombonefamily\/?page_id=130"},"modified":"2024-05-13T10:34:25","modified_gmt":"2024-05-13T08:34:25","slug":"concert-vendredi-20h","status":"publish","type":"page","link":"https:\/\/lesitedutrombone.fr\/trombonefamily\/concert-vendredi-20h\/","title":{"rendered":"Concert vendredi 20h"},"content":{"rendered":"\n<h5 class=\"wp-block-heading\">vendredi 17 mai 2024 20h-21h15, auditorium<\/h5>\n\n\n\n<figure class=\"wp-block-image size-large\"><img loading=\"lazy\" decoding=\"async\" width=\"1024\" height=\"277\" src=\"http:\/\/lesitedutrombone.fr\/trombonefamily\/wp-content\/uploads\/2023\/10\/banniere-1-1024x277.jpg\" alt=\"\" class=\"wp-image-49\" srcset=\"https:\/\/lesitedutrombone.fr\/trombonefamily\/wp-content\/uploads\/2023\/10\/banniere-1-1024x277.jpg 1024w, https:\/\/lesitedutrombone.fr\/trombonefamily\/wp-content\/uploads\/2023\/10\/banniere-1-300x81.jpg 300w, https:\/\/lesitedutrombone.fr\/trombonefamily\/wp-content\/uploads\/2023\/10\/banniere-1-768x208.jpg 768w, https:\/\/lesitedutrombone.fr\/trombonefamily\/wp-content\/uploads\/2023\/10\/banniere-1-1536x416.jpg 1536w, https:\/\/lesitedutrombone.fr\/trombonefamily\/wp-content\/uploads\/2023\/10\/banniere-1-2048x555.jpg 2048w\" sizes=\"auto, (max-width: 1024px) 100vw, 1024px\" \/><\/figure>\n\n\n\n<figure class=\"wp-block-embed is-type-video is-provider-youtube wp-block-embed-youtube wp-embed-aspect-16-9 wp-has-aspect-ratio\"><div class=\"wp-block-embed__wrapper\">\n<iframe loading=\"lazy\" title=\"Vendredi 17 mai 2024 @Trombone Family\" width=\"500\" height=\"281\" src=\"https:\/\/www.youtube.com\/embed\/Ba_zUajRd3k?feature=oembed\" frameborder=\"0\" allow=\"accelerometer; autoplay; clipboard-write; encrypted-media; gyroscope; picture-in-picture; web-share\" referrerpolicy=\"strict-origin-when-cross-origin\" allowfullscreen><\/iframe>\n<\/div><\/figure>\n\n\n\n<hr class=\"wp-block-separator has-alpha-channel-opacity\"\/>\n\n\n\n<h5 class=\"wp-block-heading\">Programme<\/h5>\n\n\n\n<p>&#8211; Jupiter (extrait des plan\u00e8tes) G HOLST<\/p>\n\n\n\n<p>&#8211; Kal\u00e9idoscope S VERHELST (soliste&nbsp;: Jeffrey Kant)<\/p>\n\n\n\n<p>&#8211; Oblivion A PIAZZOLA<\/p>\n\n\n\n<p>&#8211; Suite balkanique J NILOVIC<\/p>\n\n\n\n<p>&#8211; Impressions R FIENGA (solistes&nbsp;: Qu4tre \u00e0 4)<\/p>\n\n\n\n<p>&#8211; Make our garden grow L BERNSTEIN<br><\/p>\n\n\n\n<hr class=\"wp-block-separator has-alpha-channel-opacity\"\/>\n\n\n\n<h5 class=\"wp-block-heading\">Artistes<\/h5>\n\n\n\n<figure class=\"wp-block-image size-large\"><img loading=\"lazy\" decoding=\"async\" width=\"683\" height=\"1024\" src=\"https:\/\/lesitedutrombone.fr\/trombonefamily\/wp-content\/uploads\/2024\/04\/thumbnail_Portret-Jeffrey-Kant-683x1024.jpg\" alt=\"\" class=\"wp-image-113\" srcset=\"https:\/\/lesitedutrombone.fr\/trombonefamily\/wp-content\/uploads\/2024\/04\/thumbnail_Portret-Jeffrey-Kant-683x1024.jpg 683w, https:\/\/lesitedutrombone.fr\/trombonefamily\/wp-content\/uploads\/2024\/04\/thumbnail_Portret-Jeffrey-Kant-200x300.jpg 200w, https:\/\/lesitedutrombone.fr\/trombonefamily\/wp-content\/uploads\/2024\/04\/thumbnail_Portret-Jeffrey-Kant-768x1152.jpg 768w, https:\/\/lesitedutrombone.fr\/trombonefamily\/wp-content\/uploads\/2024\/04\/thumbnail_Portret-Jeffrey-Kant-1024x1536.jpg 1024w, https:\/\/lesitedutrombone.fr\/trombonefamily\/wp-content\/uploads\/2024\/04\/thumbnail_Portret-Jeffrey-Kant-1365x2048.jpg 1365w, https:\/\/lesitedutrombone.fr\/trombonefamily\/wp-content\/uploads\/2024\/04\/thumbnail_Portret-Jeffrey-Kant-scaled.jpg 1707w\" sizes=\"auto, (max-width: 683px) 100vw, 683px\" \/><\/figure>\n\n\n\n<p><strong>Jeffrey Kant<\/strong>, trombone<br>Jeffrey Kant (1992) a \u00e9tudi\u00e9 avec J\u00f6rgen van Rijen, Pierre Volders et Remko&nbsp;de Jager au Conservatoire d\u2019Amsterdam (Pays-Bas).&nbsp;En 2013, Jeffrey a \u00e9tudi\u00e9 six mois&nbsp;en \u00e9change avec Michel Becquet au CNSMD de Lyon (France), o\u00f9 il s\u2019est \u00e9galement&nbsp;sp\u00e9cialis\u00e9 en trombone baroque avec Daniel Lassalle. L\u2019ann\u00e9e suivante, il obtient une&nbsp;Licence au Conservatoire d\u2019Amsterdam et en juin 2016, il obtient son Master&nbsp;de Musique avec la plus haute distinction. En 2015, \u00e0 l\u2019\u00e2ge de 22 ans, Jeffrey est&nbsp;nomm\u00e9 tromboniste principal du WDR Sinfonieorchester K\u00f6ln (Orchestre&nbsp;symphonique de la radio ouest-allemande, Cologne, Allemagne). Depuis,&nbsp;il est \u00e9galement membre du prestigieux ensemble de trombones&nbsp;New Trombone Collective.<br>En plus d\u2019\u00eatre actif dans de nombreux orchestres et ensembles (Jeffrey a effectu\u00e9&nbsp;plusieurs remplacements avec des orchestres et ensembles tels que l\u2019Orchestre Royal&nbsp;du Concertgebouw, l\u2019Orchestre symphonique de la Radio bavaroise, l\u2019Orchestre&nbsp;G\u00fcrzenich de Cologne, l\u2019Orchestre philharmonique de Rotterdam, l\u2019Orchestre&nbsp;philharmonique Royal Flamand et bien d\u2019autres), Jeffrey commence \u00e9galement une&nbsp;carri\u00e8re de soliste. En f\u00e9vrier 2019, Jeffrey a eu l\u2019honneur de jouer la premi\u00e8re&nbsp;allemande d\u2019un nouveau concerto pour trombone \u00e9crit par Richard Dubugnon :&nbsp;\u00ab Tombeau de Napol\u00e9on \u00ab, avec l\u2019orchestre symphonique WDR \u00e0 la Philharmonie&nbsp;de Cologne (Allemagne).<br>En ce qui concerne la musique de chambre, Jeffrey se produit r\u00e9guli\u00e8rement avec&nbsp;sa partenaire et harpiste Anneleen Schuitemaker, qui est membre du Royal&nbsp;Concertgebouw Orchestra. Bien que cette combinaison de trombone et de harpe&nbsp;puisse sembler \u00e9trange \u00e0 premi\u00e8re vue, leurs publics sont toujours agr\u00e9ablement&nbsp;surpris par le m\u00e9lange du son des instruments et la diversit\u00e9 de leurs programmes.<br>En 2020, l\u2019id\u00e9e de former un quatuor de trombones avec des amis et d\u2019anciens&nbsp;camarades de classe a donn\u00e9 naissance au Quatuor Bruckner. L\u2019ensemble porte&nbsp;le nom du compositeur qui savait sans doute le mieux comment \u00e9crire pour&nbsp;les trombones de mani\u00e8re \u00e0 les faire se m\u00e9langer et rugir : Anton Bruckner.<br>La capacit\u00e9 du quatuor \u00e0 chanter, ainsi que sa cr\u00e9ativit\u00e9 et sa virtuosit\u00e9 individuelle,&nbsp;en font un ensemble remarquable qui promet d\u2019\u00e9blouir \u00e0 chaque repr\u00e9sentation.<br>\u00c0 l\u2019\u00e9t\u00e9 2022,Jeffrey a gagn\u00e9 l\u2019International City Brass Competition de Stuttgart en Allemagne.&nbsp;<\/p>\n\n\n\n<p><\/p>\n\n\n\n<figure class=\"wp-block-image size-large\"><img loading=\"lazy\" decoding=\"async\" width=\"1024\" height=\"1024\" src=\"http:\/\/lesitedutrombone.fr\/trombonefamily\/wp-content\/uploads\/2024\/04\/thumbnail_IMG_9375-1024x1024.jpg\" alt=\"\" class=\"wp-image-121\" srcset=\"https:\/\/lesitedutrombone.fr\/trombonefamily\/wp-content\/uploads\/2024\/04\/thumbnail_IMG_9375-1024x1024.jpg 1024w, https:\/\/lesitedutrombone.fr\/trombonefamily\/wp-content\/uploads\/2024\/04\/thumbnail_IMG_9375-300x300.jpg 300w, https:\/\/lesitedutrombone.fr\/trombonefamily\/wp-content\/uploads\/2024\/04\/thumbnail_IMG_9375-150x150.jpg 150w, https:\/\/lesitedutrombone.fr\/trombonefamily\/wp-content\/uploads\/2024\/04\/thumbnail_IMG_9375-768x768.jpg 768w, https:\/\/lesitedutrombone.fr\/trombonefamily\/wp-content\/uploads\/2024\/04\/thumbnail_IMG_9375-1536x1536.jpg 1536w, https:\/\/lesitedutrombone.fr\/trombonefamily\/wp-content\/uploads\/2024\/04\/thumbnail_IMG_9375.jpg 1920w\" sizes=\"auto, (max-width: 1024px) 100vw, 1024px\" \/><\/figure>\n\n\n\n<p><strong>Qu4tre \u00e0 4<\/strong>, quatuor de trombones<br>Originaires du Pas de Calais, dans le Nord de la France o\u00f9 ils ont effectu\u00e9 leur parcours musical, ces quatre musiciens enseignent d\u00e9sormais dans les conservatoires nationaux.<br>Le programme propos\u00e9 par l\u2019ensemble \u00ab&nbsp;Qu4tre \u00e0 4&nbsp;\u00bb se veut volontairement \u00e9clectique tout en refl\u00e9tant le r\u00e9pertoire pour quatre trombones. De transcriptions en pi\u00e8ces originales, les quatre trombonistes vous font d\u00e9couvrir toute la richesse de leur instrument gr\u00e2ce \u00e0 leurs sensibilit\u00e9s musicales.<br>Professeurs certifi\u00e9s, ils aiment associer un volet p\u00e9dagogique \u00e0 leurs actions, avec notamment des animations scolaires, des master-classes et des productions de contes musicaux sp\u00e9cialement cr\u00e9\u00e9s pour leur ensemble. Dignes repr\u00e9sentants de l\u2019\u00e9cole fran\u00e7aise du trombone, ils perp\u00e9tuent au travers de leurs prestations, et notamment dans les plus grands festivals internationaux (Paris, Valencia, Lausanne, New York) les qualit\u00e9s caract\u00e9ristiques de celle-ci.<\/p>\n\n\n\n<p><\/p>\n\n\n\n<figure class=\"wp-block-image size-large\"><img loading=\"lazy\" decoding=\"async\" width=\"1024\" height=\"681\" src=\"https:\/\/lesitedutrombone.fr\/trombonefamily\/wp-content\/uploads\/2024\/04\/COL-KESMAECKER-1024x681.jpg\" alt=\"\" class=\"wp-image-138\" srcset=\"https:\/\/lesitedutrombone.fr\/trombonefamily\/wp-content\/uploads\/2024\/04\/COL-KESMAECKER-1024x681.jpg 1024w, https:\/\/lesitedutrombone.fr\/trombonefamily\/wp-content\/uploads\/2024\/04\/COL-KESMAECKER-300x200.jpg 300w, https:\/\/lesitedutrombone.fr\/trombonefamily\/wp-content\/uploads\/2024\/04\/COL-KESMAECKER-768x511.jpg 768w, https:\/\/lesitedutrombone.fr\/trombonefamily\/wp-content\/uploads\/2024\/04\/COL-KESMAECKER-1536x1022.jpg 1536w, https:\/\/lesitedutrombone.fr\/trombonefamily\/wp-content\/uploads\/2024\/04\/COL-KESMAECKER-2048x1363.jpg 2048w\" sizes=\"auto, (max-width: 1024px) 100vw, 1024px\" \/><\/figure>\n\n\n\n<p><strong>Claude Kesmaecker<\/strong>, chef d&rsquo;orchestre<br>Apr\u00e8s avoir obtenu trois premiers prix au Conservatoire National Sup\u00e9rieur de Musique de Paris, Claude Kesmaecker remporte le 1<sup>er<\/sup> prix du concours international de chef d\u2019orchestre \u00e0 Kerkrade (Pays Bas). D\u00e8s lors, il d\u00e9cide d&rsquo;orienter sa carri\u00e8re vers les orchestres \u00e0 vent.<br>Auteur de nombreuses adaptations pour orchestre d&rsquo;harmonie, Claude Kesmaecker a r\u00e9alis\u00e9 une quinzaine d&rsquo;enregistrements consacr\u00e9s notamment \u00e0 ses adaptations d&rsquo;\u0153uvres concertantes avec Michel BECQUET, Eric AUBIER ou encore Fabrice MILLISCHER.<br>Soucieux de contribuer \u00e0 l&rsquo;\u00e9largissement du r\u00e9pertoire, il est souvent sollicit\u00e9 dans des cr\u00e9ations et projets divers avec l&rsquo;orchestre d&rsquo;harmonie de la Musique de l&rsquo;air, qu\u2019il dirige depuis mars 2005.<br>Avec cet orchestre, il a institu\u00e9 un partenariat avec le CNSM de Paris en permettant \u00e0 des jeunes \u00e9tudiants d&rsquo;int\u00e9grer l&rsquo;orchestre pour quelques concerts au titre de leur scolarit\u00e9 et en invitant un laur\u00e9at \u00e0 se produire en soliste \u00e0 l&rsquo;issue de son cursus.<br>Claude Kesmaecker a \u00e9t\u00e9 invit\u00e9 \u00e0 diriger des formations prestigieuses fran\u00e7aises telles que l&rsquo;Orchestre du CNSM de Paris, l\u2019Orchestre Pasdeloup ou encore l\u2019Orchestre Colonne.<br>Il se produit \u00e9galement \u00e0 travers l&rsquo;Europe (Allemagne, Pays Bas, Italie, Portugal, Slov\u00e9nie) et diffuse ainsi la musique fran\u00e7aise consacr\u00e9e aux orchestres \u00e0 vent.<br>Enfin, souhaitant s\u2019investir dans la formation des chefs d&rsquo;orchestre, il participe \u00e0 des master-class et stages en r\u00e9gion Pays de la Loire, Auvergne et Rh\u00f4ne Alpes.<\/p>\n\n\n\n<p><\/p>\n\n\n\n<figure class=\"wp-block-image size-large\"><img loading=\"lazy\" decoding=\"async\" width=\"1024\" height=\"681\" src=\"https:\/\/lesitedutrombone.fr\/trombonefamily\/wp-content\/uploads\/2024\/04\/Photo-harmonie-1024x681.jpg\" alt=\"\" class=\"wp-image-137\" srcset=\"https:\/\/lesitedutrombone.fr\/trombonefamily\/wp-content\/uploads\/2024\/04\/Photo-harmonie-1024x681.jpg 1024w, https:\/\/lesitedutrombone.fr\/trombonefamily\/wp-content\/uploads\/2024\/04\/Photo-harmonie-300x200.jpg 300w, https:\/\/lesitedutrombone.fr\/trombonefamily\/wp-content\/uploads\/2024\/04\/Photo-harmonie-768x511.jpg 768w, https:\/\/lesitedutrombone.fr\/trombonefamily\/wp-content\/uploads\/2024\/04\/Photo-harmonie-1536x1022.jpg 1536w, https:\/\/lesitedutrombone.fr\/trombonefamily\/wp-content\/uploads\/2024\/04\/Photo-harmonie-2048x1363.jpg 2048w\" sizes=\"auto, (max-width: 1024px) 100vw, 1024px\" \/><\/figure>\n\n\n\n<p><strong>La Musique de l&rsquo;Air<\/strong><br>Depuis 1936, date de sa cr\u00e9ation, la Musique de l\u2019air a toujours su associer \u00e0 son r\u00f4le dans le protocole de la R\u00e9publique, un rayonnement culturel dont l\u2019impact est unanimement salu\u00e9.<br>Implant\u00e9e sur la base a\u00e9rienne 107 Sous-Lieutenant Dorme \u2013 Villacoublay, la Musique de l\u2019air et de l\u2019espace est plac\u00e9e sous l\u2019autorit\u00e9 du Centre d\u2019Etudes Strat\u00e9giques A\u00e9rospatiales de l\u2019arm\u00e9e de l\u2019air et de l\u2019espace. Elle assure dans ce cadre toutes les c\u00e9r\u00e9monies militaires officielles qui jalonnent la vie de l\u2019arm\u00e9e de l\u2019air et de ses unit\u00e9s.<br>Au-del\u00e0 des nombreux concerts qu\u2019elle propose \u00e0 un public \u00e9clectique, la Musique de l\u2019air s\u2019impose comme v\u00e9ritable ambassadrice culturelle musicale de l\u2019arm\u00e9e de l\u2019air et de l\u2019espace.<br>Dans le cadre du plan \u00e9galit\u00e9 des chances du Minist\u00e8re des Arm\u00e9es, elle est impliqu\u00e9e dans le programme \u00ab&nbsp;Orchestres \u00e0 l\u2019\u00e9cole&nbsp;\u00bb en offrant ses instruments de musique r\u00e9form\u00e9s \u00e0 des associations. Elle entretient \u00e9galement un partenariat r\u00e9gulier avec le Conservatoire National Sup\u00e9rieur de Musique de Paris en proposant aux \u00e9l\u00e8ves des classes de saxophones et saxhorns d\u2019int\u00e9grer l\u2019orchestre d\u2019harmonie et l\u2019orchestre de cuivres lors de plusieurs concerts.<br>Fr\u00e9quemment invit\u00e9e dans des salles de concert et des festivals de renom, la Musique de l\u2019air collabore \u00e9galement \u00e0 des \u00e9missions t\u00e9l\u00e9vis\u00e9es s\u2019affirmant ainsi comme authentique lien entre l\u2019Arm\u00e9e de l\u2019air et la Nation.<br>Class\u00e9e parmi les plus prestigieuses formations musicales des arm\u00e9es, la Musique de l\u2019air et de l\u2019espace se compose aujourd\u2019hui d\u2019un orchestre d\u2019harmonie, d\u2019un orchestre de cuivres et d\u2019une formation jazz qui, gr\u00e2ce \u00e0 la particularit\u00e9 et \u00e0 la diversit\u00e9 du r\u00e9pertoire propos\u00e9, r\u00e9pondent aux attentes musicales d\u2019un public toujours avide de nouveaut\u00e9s.<br>Trois autres formations se produisent de mani\u00e8re ponctuelle pour des prestations essentiellement militaires&nbsp;: le quintette \u00e0 vent, le quintette de cuivres et le quatuor de saxophones.<br>N\u00e9 en m\u00eame temps que la Musique de l\u2019air, l\u2019Orchestre d\u2019harmonie regroupe toutes les familles d\u2019instruments \u00e0 vents (bois et cuivres) auxquelles se m\u00ealent percussions et contrebasses \u00e0 cordes.<br>Orchestre embl\u00e9matique dans le paysage des orchestres \u00e0 vent fran\u00e7ais, il poss\u00e8de un r\u00e9pertoire vari\u00e9 allant de transcriptions de pi\u00e8ces dites \u00ab&nbsp;classiques&nbsp;\u00bb au r\u00e9pertoire original pour orchestre d\u2019harmonie.<br>L\u2019orchestre collabore r\u00e9guli\u00e8rement avec de nombreux solistes internationaux (Michel Becquet, St\u00e9phane Labeyrie, Pascal Moragu\u00e8s\u2026) et est l\u2019invit\u00e9 de manifestations prestigieuses telles que la Folle Journ\u00e9e de Nantes ou encore la saison musicale du Mus\u00e9e de l\u2019Arm\u00e9e.<\/p>\n\n\n\n<figure class=\"wp-block-image size-full\"><img loading=\"lazy\" decoding=\"async\" width=\"968\" height=\"666\" src=\"https:\/\/lesitedutrombone.fr\/trombonefamily\/wp-content\/uploads\/2024\/04\/Logo-AAE.png\" alt=\"\" class=\"wp-image-173\" srcset=\"https:\/\/lesitedutrombone.fr\/trombonefamily\/wp-content\/uploads\/2024\/04\/Logo-AAE.png 968w, https:\/\/lesitedutrombone.fr\/trombonefamily\/wp-content\/uploads\/2024\/04\/Logo-AAE-300x206.png 300w, https:\/\/lesitedutrombone.fr\/trombonefamily\/wp-content\/uploads\/2024\/04\/Logo-AAE-768x528.png 768w\" sizes=\"auto, (max-width: 968px) 100vw, 968px\" \/><\/figure>\n\n\n\n<figure class=\"wp-block-image size-large\"><img loading=\"lazy\" decoding=\"async\" width=\"1024\" height=\"277\" src=\"http:\/\/lesitedutrombone.fr\/trombonefamily\/wp-content\/uploads\/2023\/10\/banniere-1-1024x277.jpg\" alt=\"\" class=\"wp-image-49\" srcset=\"https:\/\/lesitedutrombone.fr\/trombonefamily\/wp-content\/uploads\/2023\/10\/banniere-1-1024x277.jpg 1024w, https:\/\/lesitedutrombone.fr\/trombonefamily\/wp-content\/uploads\/2023\/10\/banniere-1-300x81.jpg 300w, https:\/\/lesitedutrombone.fr\/trombonefamily\/wp-content\/uploads\/2023\/10\/banniere-1-768x208.jpg 768w, https:\/\/lesitedutrombone.fr\/trombonefamily\/wp-content\/uploads\/2023\/10\/banniere-1-1536x416.jpg 1536w, https:\/\/lesitedutrombone.fr\/trombonefamily\/wp-content\/uploads\/2023\/10\/banniere-1-2048x555.jpg 2048w\" sizes=\"auto, (max-width: 1024px) 100vw, 1024px\" \/><\/figure>\n","protected":false},"excerpt":{"rendered":"<p>vendredi 17 mai 2024 20h-21h15, auditorium Programme &#8211; Jupiter (extrait des plan\u00e8tes) G HOLST &#8211; Kal\u00e9idoscope S VERHELST (soliste&nbsp;: Jeffrey Kant) &#8211; Oblivion A PIAZZOLA &#8211; Suite balkanique J NILOVIC &#8211; Impressions R FIENGA (solistes&nbsp;: Qu4tre \u00e0 4) &#8211; Make our garden grow L BERNSTEIN Artistes Jeffrey Kant, tromboneJeffrey Kant (1992) a \u00e9tudi\u00e9 avec J\u00f6rgen [&hellip;]<\/p>\n","protected":false},"author":1,"featured_media":0,"parent":0,"menu_order":0,"comment_status":"closed","ping_status":"closed","template":"","meta":{"footnotes":""},"class_list":["post-130","page","type-page","status-publish","hentry"],"_links":{"self":[{"href":"https:\/\/lesitedutrombone.fr\/trombonefamily\/wp-json\/wp\/v2\/pages\/130","targetHints":{"allow":["GET"]}}],"collection":[{"href":"https:\/\/lesitedutrombone.fr\/trombonefamily\/wp-json\/wp\/v2\/pages"}],"about":[{"href":"https:\/\/lesitedutrombone.fr\/trombonefamily\/wp-json\/wp\/v2\/types\/page"}],"author":[{"embeddable":true,"href":"https:\/\/lesitedutrombone.fr\/trombonefamily\/wp-json\/wp\/v2\/users\/1"}],"replies":[{"embeddable":true,"href":"https:\/\/lesitedutrombone.fr\/trombonefamily\/wp-json\/wp\/v2\/comments?post=130"}],"version-history":[{"count":8,"href":"https:\/\/lesitedutrombone.fr\/trombonefamily\/wp-json\/wp\/v2\/pages\/130\/revisions"}],"predecessor-version":[{"id":290,"href":"https:\/\/lesitedutrombone.fr\/trombonefamily\/wp-json\/wp\/v2\/pages\/130\/revisions\/290"}],"wp:attachment":[{"href":"https:\/\/lesitedutrombone.fr\/trombonefamily\/wp-json\/wp\/v2\/media?parent=130"}],"curies":[{"name":"wp","href":"https:\/\/api.w.org\/{rel}","templated":true}]}}