{"id":125,"date":"2024-04-21T23:48:25","date_gmt":"2024-04-21T21:48:25","guid":{"rendered":"https:\/\/lesitedutrombone.fr\/trombonefamily\/?page_id=125"},"modified":"2024-05-15T03:19:26","modified_gmt":"2024-05-15T01:19:26","slug":"happenings","status":"publish","type":"page","link":"https:\/\/lesitedutrombone.fr\/trombonefamily\/happenings\/","title":{"rendered":"Happenings"},"content":{"rendered":"\n<h5 class=\"wp-block-heading\">Vendredi 17 mai 2024 18h-19h<br>&amp;<br>Samedi 18 mai 2024 16h-18h30<br>&amp;<br>DIMANCHE 19 MAI 2024 16h-18h30<br><br>parvis du conservatoire (OU au conservatoire en cas d&rsquo;intemperies)<\/h5>\n\n\n\n<figure class=\"wp-block-image size-large\"><img loading=\"lazy\" decoding=\"async\" width=\"1024\" height=\"277\" src=\"http:\/\/lesitedutrombone.fr\/trombonefamily\/wp-content\/uploads\/2023\/10\/banniere-1-1024x277.jpg\" alt=\"\" class=\"wp-image-49\" srcset=\"https:\/\/lesitedutrombone.fr\/trombonefamily\/wp-content\/uploads\/2023\/10\/banniere-1-1024x277.jpg 1024w, https:\/\/lesitedutrombone.fr\/trombonefamily\/wp-content\/uploads\/2023\/10\/banniere-1-300x81.jpg 300w, https:\/\/lesitedutrombone.fr\/trombonefamily\/wp-content\/uploads\/2023\/10\/banniere-1-768x208.jpg 768w, https:\/\/lesitedutrombone.fr\/trombonefamily\/wp-content\/uploads\/2023\/10\/banniere-1-1536x416.jpg 1536w, https:\/\/lesitedutrombone.fr\/trombonefamily\/wp-content\/uploads\/2023\/10\/banniere-1-2048x555.jpg 2048w\" sizes=\"auto, (max-width: 1024px) 100vw, 1024px\" \/><\/figure>\n\n\n\n<hr class=\"wp-block-separator has-alpha-channel-opacity\"\/>\n\n\n\n<h5 class=\"wp-block-heading\">Programme<\/h5>\n\n\n\n<p>Petits concerts en ext\u00e9rieur pendant le festival<br><\/p>\n\n\n\n<hr class=\"wp-block-separator has-alpha-channel-opacity\"\/>\n\n\n\n<h5 class=\"wp-block-heading\">Artistes<\/h5>\n\n\n\n<figure class=\"wp-block-image size-large\"><img loading=\"lazy\" decoding=\"async\" width=\"1024\" height=\"683\" src=\"https:\/\/lesitedutrombone.fr\/trombonefamily\/wp-content\/uploads\/2024\/04\/320672507_706519084374855_9073892636182384622_n-1024x683.jpg\" alt=\"\" class=\"wp-image-127\" srcset=\"https:\/\/lesitedutrombone.fr\/trombonefamily\/wp-content\/uploads\/2024\/04\/320672507_706519084374855_9073892636182384622_n-1024x683.jpg 1024w, https:\/\/lesitedutrombone.fr\/trombonefamily\/wp-content\/uploads\/2024\/04\/320672507_706519084374855_9073892636182384622_n-300x200.jpg 300w, https:\/\/lesitedutrombone.fr\/trombonefamily\/wp-content\/uploads\/2024\/04\/320672507_706519084374855_9073892636182384622_n-768x512.jpg 768w, https:\/\/lesitedutrombone.fr\/trombonefamily\/wp-content\/uploads\/2024\/04\/320672507_706519084374855_9073892636182384622_n-1536x1024.jpg 1536w, https:\/\/lesitedutrombone.fr\/trombonefamily\/wp-content\/uploads\/2024\/04\/320672507_706519084374855_9073892636182384622_n.jpg 2048w\" sizes=\"auto, (max-width: 1024px) 100vw, 1024px\" \/><\/figure>\n\n\n\n<p><strong>Les Brass&rsquo;eurs<\/strong> se sont constitu\u00e9s pendant l&rsquo;\u00e9t\u00e9 2021, avec 8 musiciens : 7 cuivres et 1 batteur. \u00ab\u00a0Nous sommes une bande de copains qui viennent tous d&rsquo;Alsace et une grande majorit\u00e9 d&rsquo;entre nous (7 sur les 8) \u00e9tudie au Conservatoire de Strasbourg. Concernant le style de musique, on aime se faire plaisir, donc on joue vraiment ce qui nous pla\u00eet, passant de la Blasmusik \u00e0 des reprises de chansons et de la musique classique au jazz.\u00a0\u00bb<br><\/p>\n\n\n\n<figure class=\"wp-block-image size-large\"><img loading=\"lazy\" decoding=\"async\" width=\"1024\" height=\"683\" src=\"https:\/\/lesitedutrombone.fr\/trombonefamily\/wp-content\/uploads\/2024\/04\/Image1-1024x683.jpg\" alt=\"\" class=\"wp-image-126\" srcset=\"https:\/\/lesitedutrombone.fr\/trombonefamily\/wp-content\/uploads\/2024\/04\/Image1-1024x683.jpg 1024w, https:\/\/lesitedutrombone.fr\/trombonefamily\/wp-content\/uploads\/2024\/04\/Image1-300x200.jpg 300w, https:\/\/lesitedutrombone.fr\/trombonefamily\/wp-content\/uploads\/2024\/04\/Image1-768x513.jpg 768w, https:\/\/lesitedutrombone.fr\/trombonefamily\/wp-content\/uploads\/2024\/04\/Image1.jpg 1239w\" sizes=\"auto, (max-width: 1024px) 100vw, 1024px\" \/><\/figure>\n\n\n\n<p><strong>EBE ensemble<\/strong><br>L\u2019EBE Ensemble est issu de la classe de trombone de Fabrice Millischer bas\u00e9e \u00e0 la Musikhochschule de Freiburg-im-Bresgau, en Allemagne. Fabrice Millischer, \u00e9galement professeur au CNSM de Paris depuis 2017 et laur\u00e9at de l&rsquo;ARD et des Victoires de la Musique 2011, promeut \u00e9galement la musique de chambre notamment au sein de sa classe. Ses \u00e9l\u00e8ves ont r\u00e9guli\u00e8rement l&rsquo;occasion de jouer en duo, quatuor, quintette, sextuor ou encore trombone octets.<br>L\u2019EBE Ensemble est form\u00e9 d&rsquo;\u00e9tudiants de licence et de master du monde entier.<br>En raison de la renomm\u00e9e internationale de la classe, elle compte des membres d&rsquo;Angleterre, de Pologne, de France, d&rsquo;Espagne, du Portugal, de Chine, d&rsquo;Allemagne, de Turquie, d&rsquo;Arm\u00e9nie et d&rsquo;autres pays. Le groupe n&rsquo;est donc jamais identique chaque ann\u00e9e. Les \u00e9tudiants qui ont termin\u00e9 leurs \u00e9tudes laissent la place \u00e0 de nouveaux qui d\u00e9butent leurs \u00e9tudes. Certains de ces \u00e9tudiants sont aujourd&rsquo;hui des musiciens professionnels de classe mondiale, la plupart d&rsquo;entre eux jouant dans de prestigieux orchestres europ\u00e9ens et sont laur\u00e9ats de concours internationaux.<br>L&rsquo;ensemble a souvent l&rsquo;occasion de se produire lors de concerts de fin de semestre et joue dans le cadre d\u2019examen de fin de licences ou de master. Mais les jeunes musiciens donnent \u00e9galement des concerts priv\u00e9s ou lors d&rsquo;\u00e9v\u00e9nements \u00e0 la Haute \u00e9cole de musique de Fribourg. Le prochain projet sur lequel nous travaillons est une tourn\u00e9e au Mexique en juillet 2025. Nous serons accompagn\u00e9s de nos professeurs Fabrice Millischer et Pierre Campenon, ainsi que de Roberto de la Guia, qui se produira avec nous en tant que soliste.<\/p>\n\n\n\n<p><\/p>\n\n\n\n<figure class=\"wp-block-image size-full\"><img loading=\"lazy\" decoding=\"async\" width=\"768\" height=\"359\" src=\"https:\/\/lesitedutrombone.fr\/trombonefamily\/wp-content\/uploads\/2024\/05\/441930559_473429805208518_1336147780801591899_n.jpg\" alt=\"\" class=\"wp-image-292\" srcset=\"https:\/\/lesitedutrombone.fr\/trombonefamily\/wp-content\/uploads\/2024\/05\/441930559_473429805208518_1336147780801591899_n.jpg 768w, https:\/\/lesitedutrombone.fr\/trombonefamily\/wp-content\/uploads\/2024\/05\/441930559_473429805208518_1336147780801591899_n-300x140.jpg 300w\" sizes=\"auto, (max-width: 768px) 100vw, 768px\" \/><\/figure>\n\n\n\n<p><strong>NHF Orchestra<\/strong><br>Cr\u00e9\u00e9 en 2016 sous l\u2019impulsion de coll\u00e9giens hyper dynamiques, le NHF Orchestra est le premier orchestre de jeunes du quartier du Neuhof. Aujourd\u2019hui, compos\u00e9 de musiciens de 11 \u00e0 20 ans, les anciens accueillent la nouvelle g\u00e9n\u00e9ration pour un NHF#2 encore plus grand, plus fort, plus fou ! Leur grande qualit\u00e9 : une \u00e9nergie \u00e0 toute \u00e9preuve !! Venez la partager avec eux !<\/p>\n\n\n\n<p><\/p>\n\n\n\n<figure class=\"wp-block-image size-large\"><img loading=\"lazy\" decoding=\"async\" width=\"1024\" height=\"461\" src=\"https:\/\/lesitedutrombone.fr\/trombonefamily\/wp-content\/uploads\/2024\/04\/Affiche_Quintette-1024x461.jpg\" alt=\"\" class=\"wp-image-218\" srcset=\"https:\/\/lesitedutrombone.fr\/trombonefamily\/wp-content\/uploads\/2024\/04\/Affiche_Quintette-1024x461.jpg 1024w, https:\/\/lesitedutrombone.fr\/trombonefamily\/wp-content\/uploads\/2024\/04\/Affiche_Quintette-300x135.jpg 300w, https:\/\/lesitedutrombone.fr\/trombonefamily\/wp-content\/uploads\/2024\/04\/Affiche_Quintette-768x346.jpg 768w, https:\/\/lesitedutrombone.fr\/trombonefamily\/wp-content\/uploads\/2024\/04\/Affiche_Quintette-1536x692.jpg 1536w, https:\/\/lesitedutrombone.fr\/trombonefamily\/wp-content\/uploads\/2024\/04\/Affiche_Quintette-2048x923.jpg 2048w\" sizes=\"auto, (max-width: 1024px) 100vw, 1024px\" \/><\/figure>\n\n\n\n<p><strong>Quintette de cuivres du No Limit Orchestra<\/strong><\/p>\n\n\n\n<p><\/p>\n\n\n\n<figure class=\"wp-block-image size-large\"><img loading=\"lazy\" decoding=\"async\" width=\"1024\" height=\"1024\" src=\"https:\/\/lesitedutrombone.fr\/trombonefamily\/wp-content\/uploads\/2024\/04\/Ajouter-un-titre_20240422_143454_0000_00000_updated-1024x1024.png\" alt=\"\" class=\"wp-image-203\" srcset=\"https:\/\/lesitedutrombone.fr\/trombonefamily\/wp-content\/uploads\/2024\/04\/Ajouter-un-titre_20240422_143454_0000_00000_updated-1024x1024.png 1024w, https:\/\/lesitedutrombone.fr\/trombonefamily\/wp-content\/uploads\/2024\/04\/Ajouter-un-titre_20240422_143454_0000_00000_updated-300x300.png 300w, https:\/\/lesitedutrombone.fr\/trombonefamily\/wp-content\/uploads\/2024\/04\/Ajouter-un-titre_20240422_143454_0000_00000_updated-150x150.png 150w, https:\/\/lesitedutrombone.fr\/trombonefamily\/wp-content\/uploads\/2024\/04\/Ajouter-un-titre_20240422_143454_0000_00000_updated-768x768.png 768w, https:\/\/lesitedutrombone.fr\/trombonefamily\/wp-content\/uploads\/2024\/04\/Ajouter-un-titre_20240422_143454_0000_00000_updated-1536x1536.png 1536w, https:\/\/lesitedutrombone.fr\/trombonefamily\/wp-content\/uploads\/2024\/04\/Ajouter-un-titre_20240422_143454_0000_00000_updated.png 1875w\" sizes=\"auto, (max-width: 1024px) 100vw, 1024px\" \/><\/figure>\n\n\n\n<p><strong>Splash<\/strong>\u00a0<br><strong>1.\u00a0<\/strong>Bruit caract\u00e9ristique d\u2019un corps plong\u00e9 \u00e0 une certaine allure dans un liquide.<br><strong>2.\u00a0<\/strong>Brass \u00e9nergique et rafra\u00eechissant dont le style \u00e9chappe encore aux sp\u00e9cialistes.<br>Trompette: Germain Leguy<br>Saxophone alto: Mathieu Genelot<br>Flugabone: Matts Tessier<br>Saxophone baryton: Armelle Verguet<br>Batterie: Tom Bienioszek<\/p>\n\n\n\n<p><\/p>\n\n\n\n<figure class=\"wp-block-image size-large\"><img loading=\"lazy\" decoding=\"async\" width=\"1024\" height=\"807\" src=\"https:\/\/lesitedutrombone.fr\/trombonefamily\/wp-content\/uploads\/2024\/05\/IMG-20240514-WA0027-1024x807.jpg\" alt=\"\" class=\"wp-image-295\" srcset=\"https:\/\/lesitedutrombone.fr\/trombonefamily\/wp-content\/uploads\/2024\/05\/IMG-20240514-WA0027-1024x807.jpg 1024w, https:\/\/lesitedutrombone.fr\/trombonefamily\/wp-content\/uploads\/2024\/05\/IMG-20240514-WA0027-300x236.jpg 300w, https:\/\/lesitedutrombone.fr\/trombonefamily\/wp-content\/uploads\/2024\/05\/IMG-20240514-WA0027-768x605.jpg 768w, https:\/\/lesitedutrombone.fr\/trombonefamily\/wp-content\/uploads\/2024\/05\/IMG-20240514-WA0027-1536x1211.jpg 1536w, https:\/\/lesitedutrombone.fr\/trombonefamily\/wp-content\/uploads\/2024\/05\/IMG-20240514-WA0027.jpg 1600w\" sizes=\"auto, (max-width: 1024px) 100vw, 1024px\" \/><\/figure>\n\n\n\n<p><strong>StrasBrass<\/strong><br>\u00ab\u00a0StrasBrass\u00a0\u00bb est un sextet de cuivres unique en son genre, bas\u00e9 \u00e0 Strasbourg. Cr\u00e9\u00e9 en 2024, ce groupe est compos\u00e9 de six musiciens talentueux : deux trombonistes, une corniste et trois trompettistes provenant de pays et cultures diff\u00e9rentes. Ce m\u00e9lange de cultures et de comp\u00e9tences apporte une richesse et une vari\u00e9t\u00e9 \u00e0 leur musique qui d\u00e9fie les fronti\u00e8res.<br>Chaque membre apporte quelque chose de unique \u00e0 l&rsquo;ensemble, qu&rsquo;il s&rsquo;agisse de la technique impeccable des trombonistes, de la richesse sonore de la corniste ou de la brillance des trompettistes. Ensemble, ils cr\u00e9ent une symphonie de sons qui est \u00e0 la fois puissante et \u00e9mouvante.<br>Leur r\u00e9pertoire est sp\u00e9cialement con\u00e7u pour les ensembles de cuivres, ce qui leur permet de mettre en valeur la beaut\u00e9 et la puissance de ces instruments.<br>Bien que StrasBrass soit un groupe relativement nouveau, il a d\u00e9j\u00e0 r\u00e9ussi \u00e0 captiver le public avec sa musique envo\u00fbtante.<\/p>\n\n\n\n<p><\/p>\n\n\n\n<figure class=\"wp-block-image size-full\"><img loading=\"lazy\" decoding=\"async\" width=\"977\" height=\"1024\" src=\"https:\/\/lesitedutrombone.fr\/trombonefamily\/wp-content\/uploads\/2024\/05\/IMG-20240512-WA0019.jpg\" alt=\"\" class=\"wp-image-284\" srcset=\"https:\/\/lesitedutrombone.fr\/trombonefamily\/wp-content\/uploads\/2024\/05\/IMG-20240512-WA0019.jpg 977w, https:\/\/lesitedutrombone.fr\/trombonefamily\/wp-content\/uploads\/2024\/05\/IMG-20240512-WA0019-286x300.jpg 286w, https:\/\/lesitedutrombone.fr\/trombonefamily\/wp-content\/uploads\/2024\/05\/IMG-20240512-WA0019-768x805.jpg 768w\" sizes=\"auto, (max-width: 977px) 100vw, 977px\" \/><\/figure>\n\n\n\n<p><strong>Street Swing<\/strong><br>Street Swing c\u2019est cinq amis musiciens de jazz du conservatoire de Strasbourg qui ont bien l\u2019intention de raviver le c\u0153ur des passants gr\u00e2ce \u00e0 leur musique et leur \u00e9nergie.<br>Formant un petit noyau compos\u00e9 de Lamia, Raphaelle , Juliette, Thomas et Hedi, Street Swing acceptera volontiers de s\u2019agrandir avec d\u2019autres amis musiciens pour diversifier les couleurs et les humeurs.<\/p>\n\n\n\n<p><\/p>\n\n\n\n<figure class=\"wp-block-image size-large\"><img loading=\"lazy\" decoding=\"async\" width=\"1024\" height=\"683\" src=\"https:\/\/lesitedutrombone.fr\/trombonefamily\/wp-content\/uploads\/2024\/04\/361349357_683506863793189_3650693155602321580_n-1024x683.jpg\" alt=\"\" class=\"wp-image-128\" srcset=\"https:\/\/lesitedutrombone.fr\/trombonefamily\/wp-content\/uploads\/2024\/04\/361349357_683506863793189_3650693155602321580_n-1024x683.jpg 1024w, https:\/\/lesitedutrombone.fr\/trombonefamily\/wp-content\/uploads\/2024\/04\/361349357_683506863793189_3650693155602321580_n-300x200.jpg 300w, https:\/\/lesitedutrombone.fr\/trombonefamily\/wp-content\/uploads\/2024\/04\/361349357_683506863793189_3650693155602321580_n-768x512.jpg 768w, https:\/\/lesitedutrombone.fr\/trombonefamily\/wp-content\/uploads\/2024\/04\/361349357_683506863793189_3650693155602321580_n.jpg 1440w\" sizes=\"auto, (max-width: 1024px) 100vw, 1024px\" \/><\/figure>\n\n\n\n<p><strong>Wonder 6<\/strong><br>Depuis pr\u00e8s de 20 ans, les musiciens du Wonder Brass Ensemble mettent leur virtuosit\u00e9 au service d&rsquo;une ligne artistique totalement \u00e9clectique.La formation originale rassemble onze cuivres et percussions. Wonder 6 est un format resserr\u00e9 qui permet d&rsquo;\u00e9largir la palette des propositions au r\u00e9pertoire pour quintette de cuivres. Les ingr\u00e9dients restent les m\u00eames : virtuosit\u00e9 et proximit\u00e9 avec le public.&nbsp;Le concert du 19 mai m\u00ealera vari\u00e9t\u00e9 et jazz, Irving Berlin et Freddy Mercury&#8230;.<br>Trompettes : Fr\u00e9d\u00e9ric Schiel, Fabrice Wigishoff<br>Cor : Fr\u00e9d\u00e9ric Bieber<br>Trombone : St\u00e9phane Rieffel<br>Tuba : Pierre Vogler<br>Percussion : Gr\u00e9gory Massat<\/p>\n\n\n\n<p><\/p>\n\n\n\n<figure class=\"wp-block-image size-full\"><img loading=\"lazy\" decoding=\"async\" width=\"612\" height=\"396\" src=\"http:\/\/lesitedutrombone.fr\/trombonefamily\/wp-content\/uploads\/2024\/04\/silhouette.jpg\" alt=\"\" class=\"wp-image-175\" srcset=\"https:\/\/lesitedutrombone.fr\/trombonefamily\/wp-content\/uploads\/2024\/04\/silhouette.jpg 612w, https:\/\/lesitedutrombone.fr\/trombonefamily\/wp-content\/uploads\/2024\/04\/silhouette-300x194.jpg 300w\" sizes=\"auto, (max-width: 612px) 100vw, 612px\" \/><\/figure>\n\n\n\n<p><strong>Classe de trombone de Colmar (prof. Philippe Spannagel)<\/strong><\/p>\n\n\n\n<figure class=\"wp-block-image size-full\"><img loading=\"lazy\" decoding=\"async\" width=\"612\" height=\"396\" src=\"http:\/\/lesitedutrombone.fr\/trombonefamily\/wp-content\/uploads\/2024\/04\/silhouette.jpg\" alt=\"\" class=\"wp-image-175\" srcset=\"https:\/\/lesitedutrombone.fr\/trombonefamily\/wp-content\/uploads\/2024\/04\/silhouette.jpg 612w, https:\/\/lesitedutrombone.fr\/trombonefamily\/wp-content\/uploads\/2024\/04\/silhouette-300x194.jpg 300w\" sizes=\"auto, (max-width: 612px) 100vw, 612px\" \/><\/figure>\n\n\n\n<p><strong>Orchestre de Cronenbourg (dir. Fr\u00e9d\u00e9ric Durrmann)<\/strong><\/p>\n\n\n\n<figure class=\"wp-block-image size-large\"><img loading=\"lazy\" decoding=\"async\" width=\"1024\" height=\"277\" src=\"http:\/\/lesitedutrombone.fr\/trombonefamily\/wp-content\/uploads\/2023\/10\/banniere-1-1024x277.jpg\" alt=\"\" class=\"wp-image-49\" srcset=\"https:\/\/lesitedutrombone.fr\/trombonefamily\/wp-content\/uploads\/2023\/10\/banniere-1-1024x277.jpg 1024w, https:\/\/lesitedutrombone.fr\/trombonefamily\/wp-content\/uploads\/2023\/10\/banniere-1-300x81.jpg 300w, https:\/\/lesitedutrombone.fr\/trombonefamily\/wp-content\/uploads\/2023\/10\/banniere-1-768x208.jpg 768w, https:\/\/lesitedutrombone.fr\/trombonefamily\/wp-content\/uploads\/2023\/10\/banniere-1-1536x416.jpg 1536w, https:\/\/lesitedutrombone.fr\/trombonefamily\/wp-content\/uploads\/2023\/10\/banniere-1-2048x555.jpg 2048w\" sizes=\"auto, (max-width: 1024px) 100vw, 1024px\" \/><\/figure>\n","protected":false},"excerpt":{"rendered":"<p>Vendredi 17 mai 2024 18h-19h&amp;Samedi 18 mai 2024 16h-18h30&amp;DIMANCHE 19 MAI 2024 16h-18h30 parvis du conservatoire (OU au conservatoire en cas d&rsquo;intemperies) Programme Petits concerts en ext\u00e9rieur pendant le festival Artistes Les Brass&rsquo;eurs se sont constitu\u00e9s pendant l&rsquo;\u00e9t\u00e9 2021, avec 8 musiciens : 7 cuivres et 1 batteur. \u00ab\u00a0Nous sommes une bande de copains qui [&hellip;]<\/p>\n","protected":false},"author":1,"featured_media":0,"parent":0,"menu_order":0,"comment_status":"closed","ping_status":"closed","template":"","meta":{"footnotes":""},"class_list":["post-125","page","type-page","status-publish","hentry"],"_links":{"self":[{"href":"https:\/\/lesitedutrombone.fr\/trombonefamily\/wp-json\/wp\/v2\/pages\/125","targetHints":{"allow":["GET"]}}],"collection":[{"href":"https:\/\/lesitedutrombone.fr\/trombonefamily\/wp-json\/wp\/v2\/pages"}],"about":[{"href":"https:\/\/lesitedutrombone.fr\/trombonefamily\/wp-json\/wp\/v2\/types\/page"}],"author":[{"embeddable":true,"href":"https:\/\/lesitedutrombone.fr\/trombonefamily\/wp-json\/wp\/v2\/users\/1"}],"replies":[{"embeddable":true,"href":"https:\/\/lesitedutrombone.fr\/trombonefamily\/wp-json\/wp\/v2\/comments?post=125"}],"version-history":[{"count":12,"href":"https:\/\/lesitedutrombone.fr\/trombonefamily\/wp-json\/wp\/v2\/pages\/125\/revisions"}],"predecessor-version":[{"id":296,"href":"https:\/\/lesitedutrombone.fr\/trombonefamily\/wp-json\/wp\/v2\/pages\/125\/revisions\/296"}],"wp:attachment":[{"href":"https:\/\/lesitedutrombone.fr\/trombonefamily\/wp-json\/wp\/v2\/media?parent=125"}],"curies":[{"name":"wp","href":"https:\/\/api.w.org\/{rel}","templated":true}]}}