{"id":118,"date":"2024-04-21T23:15:40","date_gmt":"2024-04-21T21:15:40","guid":{"rendered":"https:\/\/lesitedutrombone.fr\/trombonefamily\/?page_id=118"},"modified":"2024-05-03T14:45:29","modified_gmt":"2024-05-03T12:45:29","slug":"masterclass-qu4tre-a-4","status":"publish","type":"page","link":"https:\/\/lesitedutrombone.fr\/trombonefamily\/masterclass-qu4tre-a-4\/","title":{"rendered":"MASTERCLASS QU4TRE A 4"},"content":{"rendered":"\n<h5 class=\"wp-block-heading\">Vendredi 17 mai 2024 13h30-17h, salle 30<\/h5>\n\n\n\n<figure class=\"wp-block-image size-large\"><img loading=\"lazy\" decoding=\"async\" width=\"1024\" height=\"277\" src=\"http:\/\/lesitedutrombone.fr\/trombonefamily\/wp-content\/uploads\/2023\/10\/banniere-1-1024x277.jpg\" alt=\"\" class=\"wp-image-49\" srcset=\"https:\/\/lesitedutrombone.fr\/trombonefamily\/wp-content\/uploads\/2023\/10\/banniere-1-1024x277.jpg 1024w, https:\/\/lesitedutrombone.fr\/trombonefamily\/wp-content\/uploads\/2023\/10\/banniere-1-300x81.jpg 300w, https:\/\/lesitedutrombone.fr\/trombonefamily\/wp-content\/uploads\/2023\/10\/banniere-1-768x208.jpg 768w, https:\/\/lesitedutrombone.fr\/trombonefamily\/wp-content\/uploads\/2023\/10\/banniere-1-1536x416.jpg 1536w, https:\/\/lesitedutrombone.fr\/trombonefamily\/wp-content\/uploads\/2023\/10\/banniere-1-2048x555.jpg 2048w\" sizes=\"auto, (max-width: 1024px) 100vw, 1024px\" \/><\/figure>\n\n\n\n<hr class=\"wp-block-separator has-alpha-channel-opacity\"\/>\n\n\n\n<h5 class=\"wp-block-heading\">Programme<\/h5>\n\n\n\n<p>Masterclass publique de musique de chambre<br><\/p>\n\n\n\n<hr class=\"wp-block-separator has-alpha-channel-opacity\"\/>\n\n\n\n<h5 class=\"wp-block-heading\">Artistes<\/h5>\n\n\n\n<figure class=\"wp-block-image size-large\"><img loading=\"lazy\" decoding=\"async\" width=\"1024\" height=\"1024\" src=\"https:\/\/lesitedutrombone.fr\/trombonefamily\/wp-content\/uploads\/2024\/04\/thumbnail_IMG_9375-1024x1024.jpg\" alt=\"\" class=\"wp-image-121\" srcset=\"https:\/\/lesitedutrombone.fr\/trombonefamily\/wp-content\/uploads\/2024\/04\/thumbnail_IMG_9375-1024x1024.jpg 1024w, https:\/\/lesitedutrombone.fr\/trombonefamily\/wp-content\/uploads\/2024\/04\/thumbnail_IMG_9375-300x300.jpg 300w, https:\/\/lesitedutrombone.fr\/trombonefamily\/wp-content\/uploads\/2024\/04\/thumbnail_IMG_9375-150x150.jpg 150w, https:\/\/lesitedutrombone.fr\/trombonefamily\/wp-content\/uploads\/2024\/04\/thumbnail_IMG_9375-768x768.jpg 768w, https:\/\/lesitedutrombone.fr\/trombonefamily\/wp-content\/uploads\/2024\/04\/thumbnail_IMG_9375-1536x1536.jpg 1536w, https:\/\/lesitedutrombone.fr\/trombonefamily\/wp-content\/uploads\/2024\/04\/thumbnail_IMG_9375.jpg 1920w\" sizes=\"auto, (max-width: 1024px) 100vw, 1024px\" \/><\/figure>\n\n\n\n<p><strong>Qu4tre \u00e0 4<\/strong>, quatuor de trombones<br>Originaires du Pas de Calais, dans le Nord de la France o\u00f9 ils ont effectu\u00e9 leur parcours musical, ces quatre musiciens enseignent d\u00e9sormais dans les conservatoires nationaux.<br>Le programme propos\u00e9 par l\u2019ensemble \u00ab&nbsp;Qu4tre \u00e0 4&nbsp;\u00bb se veut volontairement \u00e9clectique tout en refl\u00e9tant le r\u00e9pertoire pour quatre trombones. De transcriptions en pi\u00e8ces originales, les quatre trombonistes vous font d\u00e9couvrir toute la richesse de leur instrument gr\u00e2ce \u00e0 leurs sensibilit\u00e9s musicales.<br>Professeurs certifi\u00e9s, ils aiment associer un volet p\u00e9dagogique \u00e0 leurs actions, avec notamment des animations scolaires, des master-classes et des productions de contes musicaux sp\u00e9cialement cr\u00e9\u00e9s pour leur ensemble. Dignes repr\u00e9sentants de l\u2019\u00e9cole fran\u00e7aise du trombone, ils perp\u00e9tuent au travers de leurs prestations, et notamment dans les plus grands festivals internationaux (Paris, Valencia, Lausanne, New York) les qualit\u00e9s caract\u00e9ristiques de celle-ci.<\/p>\n\n\n\n<figure class=\"wp-block-image size-large\"><img loading=\"lazy\" decoding=\"async\" width=\"1024\" height=\"277\" src=\"http:\/\/lesitedutrombone.fr\/trombonefamily\/wp-content\/uploads\/2023\/10\/banniere-1-1024x277.jpg\" alt=\"\" class=\"wp-image-49\" srcset=\"https:\/\/lesitedutrombone.fr\/trombonefamily\/wp-content\/uploads\/2023\/10\/banniere-1-1024x277.jpg 1024w, https:\/\/lesitedutrombone.fr\/trombonefamily\/wp-content\/uploads\/2023\/10\/banniere-1-300x81.jpg 300w, https:\/\/lesitedutrombone.fr\/trombonefamily\/wp-content\/uploads\/2023\/10\/banniere-1-768x208.jpg 768w, https:\/\/lesitedutrombone.fr\/trombonefamily\/wp-content\/uploads\/2023\/10\/banniere-1-1536x416.jpg 1536w, https:\/\/lesitedutrombone.fr\/trombonefamily\/wp-content\/uploads\/2023\/10\/banniere-1-2048x555.jpg 2048w\" sizes=\"auto, (max-width: 1024px) 100vw, 1024px\" \/><\/figure>\n","protected":false},"excerpt":{"rendered":"<p>Vendredi 17 mai 2024 13h30-17h, salle 30 Programme Masterclass publique de musique de chambre Artistes Qu4tre \u00e0 4, quatuor de trombonesOriginaires du Pas de Calais, dans le Nord de la France o\u00f9 ils ont effectu\u00e9 leur parcours musical, ces quatre musiciens enseignent d\u00e9sormais dans les conservatoires nationaux.Le programme propos\u00e9 par l\u2019ensemble \u00ab&nbsp;Qu4tre \u00e0 4&nbsp;\u00bb se [&hellip;]<\/p>\n","protected":false},"author":1,"featured_media":0,"parent":0,"menu_order":0,"comment_status":"closed","ping_status":"closed","template":"","meta":{"footnotes":""},"class_list":["post-118","page","type-page","status-publish","hentry"],"_links":{"self":[{"href":"https:\/\/lesitedutrombone.fr\/trombonefamily\/wp-json\/wp\/v2\/pages\/118","targetHints":{"allow":["GET"]}}],"collection":[{"href":"https:\/\/lesitedutrombone.fr\/trombonefamily\/wp-json\/wp\/v2\/pages"}],"about":[{"href":"https:\/\/lesitedutrombone.fr\/trombonefamily\/wp-json\/wp\/v2\/types\/page"}],"author":[{"embeddable":true,"href":"https:\/\/lesitedutrombone.fr\/trombonefamily\/wp-json\/wp\/v2\/users\/1"}],"replies":[{"embeddable":true,"href":"https:\/\/lesitedutrombone.fr\/trombonefamily\/wp-json\/wp\/v2\/comments?post=118"}],"version-history":[{"count":3,"href":"https:\/\/lesitedutrombone.fr\/trombonefamily\/wp-json\/wp\/v2\/pages\/118\/revisions"}],"predecessor-version":[{"id":267,"href":"https:\/\/lesitedutrombone.fr\/trombonefamily\/wp-json\/wp\/v2\/pages\/118\/revisions\/267"}],"wp:attachment":[{"href":"https:\/\/lesitedutrombone.fr\/trombonefamily\/wp-json\/wp\/v2\/media?parent=118"}],"curies":[{"name":"wp","href":"https:\/\/api.w.org\/{rel}","templated":true}]}}