{"id":112,"date":"2024-04-21T23:06:22","date_gmt":"2024-04-21T21:06:22","guid":{"rendered":"https:\/\/lesitedutrombone.fr\/trombonefamily\/?page_id=112"},"modified":"2024-05-03T14:45:14","modified_gmt":"2024-05-03T12:45:14","slug":"masterclass-jeffrey-kant","status":"publish","type":"page","link":"https:\/\/lesitedutrombone.fr\/trombonefamily\/masterclass-jeffrey-kant\/","title":{"rendered":"Masterclass Jeffrey Kant"},"content":{"rendered":"\n<h5 class=\"wp-block-heading\">DIMANCHE 19 mai 2024 14h-17h, salle 21<\/h5>\n\n\n\n<figure class=\"wp-block-image size-large\"><img loading=\"lazy\" decoding=\"async\" width=\"1024\" height=\"277\" src=\"http:\/\/lesitedutrombone.fr\/trombonefamily\/wp-content\/uploads\/2023\/10\/banniere-1-1024x277.jpg\" alt=\"\" class=\"wp-image-49\" srcset=\"https:\/\/lesitedutrombone.fr\/trombonefamily\/wp-content\/uploads\/2023\/10\/banniere-1-1024x277.jpg 1024w, https:\/\/lesitedutrombone.fr\/trombonefamily\/wp-content\/uploads\/2023\/10\/banniere-1-300x81.jpg 300w, https:\/\/lesitedutrombone.fr\/trombonefamily\/wp-content\/uploads\/2023\/10\/banniere-1-768x208.jpg 768w, https:\/\/lesitedutrombone.fr\/trombonefamily\/wp-content\/uploads\/2023\/10\/banniere-1-1536x416.jpg 1536w, https:\/\/lesitedutrombone.fr\/trombonefamily\/wp-content\/uploads\/2023\/10\/banniere-1-2048x555.jpg 2048w\" sizes=\"auto, (max-width: 1024px) 100vw, 1024px\" \/><\/figure>\n\n\n\n<hr class=\"wp-block-separator has-alpha-channel-opacity\"\/>\n\n\n\n<h5 class=\"wp-block-heading\">Programme<\/h5>\n\n\n\n<p>Masterclass publique<br><\/p>\n\n\n\n<hr class=\"wp-block-separator has-alpha-channel-opacity\"\/>\n\n\n\n<h5 class=\"wp-block-heading\">Artistes<\/h5>\n\n\n\n<figure class=\"wp-block-image size-large\"><img loading=\"lazy\" decoding=\"async\" width=\"683\" height=\"1024\" src=\"https:\/\/lesitedutrombone.fr\/trombonefamily\/wp-content\/uploads\/2024\/04\/thumbnail_Portret-Jeffrey-Kant-683x1024.jpg\" alt=\"\" class=\"wp-image-113\" srcset=\"https:\/\/lesitedutrombone.fr\/trombonefamily\/wp-content\/uploads\/2024\/04\/thumbnail_Portret-Jeffrey-Kant-683x1024.jpg 683w, https:\/\/lesitedutrombone.fr\/trombonefamily\/wp-content\/uploads\/2024\/04\/thumbnail_Portret-Jeffrey-Kant-200x300.jpg 200w, https:\/\/lesitedutrombone.fr\/trombonefamily\/wp-content\/uploads\/2024\/04\/thumbnail_Portret-Jeffrey-Kant-768x1152.jpg 768w, https:\/\/lesitedutrombone.fr\/trombonefamily\/wp-content\/uploads\/2024\/04\/thumbnail_Portret-Jeffrey-Kant-1024x1536.jpg 1024w, https:\/\/lesitedutrombone.fr\/trombonefamily\/wp-content\/uploads\/2024\/04\/thumbnail_Portret-Jeffrey-Kant-1365x2048.jpg 1365w, https:\/\/lesitedutrombone.fr\/trombonefamily\/wp-content\/uploads\/2024\/04\/thumbnail_Portret-Jeffrey-Kant-scaled.jpg 1707w\" sizes=\"auto, (max-width: 683px) 100vw, 683px\" \/><\/figure>\n\n\n\n<p><strong>Jeffrey Kant<\/strong>, trombone<br>Jeffrey Kant (1992) a \u00e9tudi\u00e9 avec J\u00f6rgen van Rijen, Pierre Volders et Remko&nbsp;de Jager au Conservatoire d\u2019Amsterdam (Pays-Bas).&nbsp;En 2013, Jeffrey a \u00e9tudi\u00e9 six mois&nbsp;en \u00e9change avec Michel Becquet au CNSMD de Lyon (France), o\u00f9 il s\u2019est \u00e9galement&nbsp;sp\u00e9cialis\u00e9 en trombone baroque avec Daniel Lassalle. L\u2019ann\u00e9e suivante, il obtient une&nbsp;Licence au Conservatoire d\u2019Amsterdam et en juin 2016, il obtient son Master&nbsp;de Musique avec la plus haute distinction. En 2015, \u00e0 l\u2019\u00e2ge de 22 ans, Jeffrey est&nbsp;nomm\u00e9 tromboniste principal du WDR Sinfonieorchester K\u00f6ln (Orchestre&nbsp;symphonique de la radio ouest-allemande, Cologne, Allemagne). Depuis,&nbsp;il est \u00e9galement membre du prestigieux ensemble de trombones&nbsp;New Trombone Collective.<br>En plus d\u2019\u00eatre actif dans de nombreux orchestres et ensembles (Jeffrey a effectu\u00e9&nbsp;plusieurs remplacements avec des orchestres et ensembles tels que l\u2019Orchestre Royal&nbsp;du Concertgebouw, l\u2019Orchestre symphonique de la Radio bavaroise, l\u2019Orchestre&nbsp;G\u00fcrzenich de Cologne, l\u2019Orchestre philharmonique de Rotterdam, l\u2019Orchestre&nbsp;philharmonique Royal Flamand et bien d\u2019autres), Jeffrey commence \u00e9galement une&nbsp;carri\u00e8re de soliste. En f\u00e9vrier 2019, Jeffrey a eu l\u2019honneur de jouer la premi\u00e8re&nbsp;allemande d\u2019un nouveau concerto pour trombone \u00e9crit par Richard Dubugnon :&nbsp;\u00ab Tombeau de Napol\u00e9on \u00ab, avec l\u2019orchestre symphonique WDR \u00e0 la Philharmonie&nbsp;de Cologne (Allemagne).<br>En ce qui concerne la musique de chambre, Jeffrey se produit r\u00e9guli\u00e8rement avec&nbsp;sa partenaire et harpiste Anneleen Schuitemaker, qui est membre du Royal&nbsp;Concertgebouw Orchestra. Bien que cette combinaison de trombone et de harpe&nbsp;puisse sembler \u00e9trange \u00e0 premi\u00e8re vue, leurs publics sont toujours agr\u00e9ablement&nbsp;surpris par le m\u00e9lange du son des instruments et la diversit\u00e9 de leurs programmes.<br>En 2020, l\u2019id\u00e9e de former un quatuor de trombones avec des amis et d\u2019anciens&nbsp;camarades de classe a donn\u00e9 naissance au Quatuor Bruckner. L\u2019ensemble porte&nbsp;le nom du compositeur qui savait sans doute le mieux comment \u00e9crire pour&nbsp;les trombones de mani\u00e8re \u00e0 les faire se m\u00e9langer et rugir : Anton Bruckner.<br>La capacit\u00e9 du quatuor \u00e0 chanter, ainsi que sa cr\u00e9ativit\u00e9 et sa virtuosit\u00e9 individuelle,&nbsp;en font un ensemble remarquable qui promet d\u2019\u00e9blouir \u00e0 chaque repr\u00e9sentation.<br>\u00c0 l\u2019\u00e9t\u00e9 2022,Jeffrey a gagn\u00e9 l\u2019International City Brass Competition de Stuttgart en Allemagne.&nbsp;<\/p>\n\n\n\n<figure class=\"wp-block-image size-large\"><img loading=\"lazy\" decoding=\"async\" width=\"1024\" height=\"277\" src=\"http:\/\/lesitedutrombone.fr\/trombonefamily\/wp-content\/uploads\/2023\/10\/banniere-1-1024x277.jpg\" alt=\"\" class=\"wp-image-49\" srcset=\"https:\/\/lesitedutrombone.fr\/trombonefamily\/wp-content\/uploads\/2023\/10\/banniere-1-1024x277.jpg 1024w, https:\/\/lesitedutrombone.fr\/trombonefamily\/wp-content\/uploads\/2023\/10\/banniere-1-300x81.jpg 300w, https:\/\/lesitedutrombone.fr\/trombonefamily\/wp-content\/uploads\/2023\/10\/banniere-1-768x208.jpg 768w, https:\/\/lesitedutrombone.fr\/trombonefamily\/wp-content\/uploads\/2023\/10\/banniere-1-1536x416.jpg 1536w, https:\/\/lesitedutrombone.fr\/trombonefamily\/wp-content\/uploads\/2023\/10\/banniere-1-2048x555.jpg 2048w\" sizes=\"auto, (max-width: 1024px) 100vw, 1024px\" \/><\/figure>\n","protected":false},"excerpt":{"rendered":"<p>DIMANCHE 19 mai 2024 14h-17h, salle 21 Programme Masterclass publique Artistes Jeffrey Kant, tromboneJeffrey Kant (1992) a \u00e9tudi\u00e9 avec J\u00f6rgen van Rijen, Pierre Volders et Remko&nbsp;de Jager au Conservatoire d\u2019Amsterdam (Pays-Bas).&nbsp;En 2013, Jeffrey a \u00e9tudi\u00e9 six mois&nbsp;en \u00e9change avec Michel Becquet au CNSMD de Lyon (France), o\u00f9 il s\u2019est \u00e9galement&nbsp;sp\u00e9cialis\u00e9 en trombone baroque avec Daniel [&hellip;]<\/p>\n","protected":false},"author":1,"featured_media":0,"parent":0,"menu_order":0,"comment_status":"closed","ping_status":"closed","template":"","meta":{"footnotes":""},"class_list":["post-112","page","type-page","status-publish","hentry"],"_links":{"self":[{"href":"https:\/\/lesitedutrombone.fr\/trombonefamily\/wp-json\/wp\/v2\/pages\/112","targetHints":{"allow":["GET"]}}],"collection":[{"href":"https:\/\/lesitedutrombone.fr\/trombonefamily\/wp-json\/wp\/v2\/pages"}],"about":[{"href":"https:\/\/lesitedutrombone.fr\/trombonefamily\/wp-json\/wp\/v2\/types\/page"}],"author":[{"embeddable":true,"href":"https:\/\/lesitedutrombone.fr\/trombonefamily\/wp-json\/wp\/v2\/users\/1"}],"replies":[{"embeddable":true,"href":"https:\/\/lesitedutrombone.fr\/trombonefamily\/wp-json\/wp\/v2\/comments?post=112"}],"version-history":[{"count":5,"href":"https:\/\/lesitedutrombone.fr\/trombonefamily\/wp-json\/wp\/v2\/pages\/112\/revisions"}],"predecessor-version":[{"id":266,"href":"https:\/\/lesitedutrombone.fr\/trombonefamily\/wp-json\/wp\/v2\/pages\/112\/revisions\/266"}],"wp:attachment":[{"href":"https:\/\/lesitedutrombone.fr\/trombonefamily\/wp-json\/wp\/v2\/media?parent=112"}],"curies":[{"name":"wp","href":"https:\/\/api.w.org\/{rel}","templated":true}]}}

<h5 class="wp-block-heading">DIMANCHE 19 mai 2024 14h-17h, salle 21</h5>



<figure class="wp-block-image size-large"><img loading="lazy" decoding="async" width="1024" height="277" src="http://lesitedutrombone.fr/trombonefamily/wp-content/uploads/2023/10/banniere-1-1024x277.jpg" alt="" class="wp-image-49" srcset="https://lesitedutrombone.fr/trombonefamily/wp-content/uploads/2023/10/banniere-1-1024x277.jpg 1024w, https://lesitedutrombone.fr/trombonefamily/wp-content/uploads/2023/10/banniere-1-300x81.jpg 300w, https://lesitedutrombone.fr/trombonefamily/wp-content/uploads/2023/10/banniere-1-768x208.jpg 768w, https://lesitedutrombone.fr/trombonefamily/wp-content/uploads/2023/10/banniere-1-1536x416.jpg 1536w, https://lesitedutrombone.fr/trombonefamily/wp-content/uploads/2023/10/banniere-1-2048x555.jpg 2048w" sizes="auto, (max-width: 1024px) 100vw, 1024px" /></figure>



<hr class="wp-block-separator has-alpha-channel-opacity"/>



<h5 class="wp-block-heading">Programme</h5>



<p>Masterclass publique<br></p>



<hr class="wp-block-separator has-alpha-channel-opacity"/>



<h5 class="wp-block-heading">Artistes</h5>



<figure class="wp-block-image size-large"><img loading="lazy" decoding="async" width="683" height="1024" src="https://lesitedutrombone.fr/trombonefamily/wp-content/uploads/2024/04/thumbnail_Portret-Jeffrey-Kant-683x1024.jpg" alt="" class="wp-image-113" srcset="https://lesitedutrombone.fr/trombonefamily/wp-content/uploads/2024/04/thumbnail_Portret-Jeffrey-Kant-683x1024.jpg 683w, https://lesitedutrombone.fr/trombonefamily/wp-content/uploads/2024/04/thumbnail_Portret-Jeffrey-Kant-200x300.jpg 200w, https://lesitedutrombone.fr/trombonefamily/wp-content/uploads/2024/04/thumbnail_Portret-Jeffrey-Kant-768x1152.jpg 768w, https://lesitedutrombone.fr/trombonefamily/wp-content/uploads/2024/04/thumbnail_Portret-Jeffrey-Kant-1024x1536.jpg 1024w, https://lesitedutrombone.fr/trombonefamily/wp-content/uploads/2024/04/thumbnail_Portret-Jeffrey-Kant-1365x2048.jpg 1365w, https://lesitedutrombone.fr/trombonefamily/wp-content/uploads/2024/04/thumbnail_Portret-Jeffrey-Kant-scaled.jpg 1707w" sizes="auto, (max-width: 683px) 100vw, 683px" /></figure>



<p><strong>Jeffrey Kant</strong>, trombone<br>Jeffrey Kant (1992) a étudié avec Jörgen van Rijen, Pierre Volders et Remko&nbsp;de Jager au Conservatoire d’Amsterdam (Pays-Bas).&nbsp;En 2013, Jeffrey a étudié six mois&nbsp;en échange avec Michel Becquet au CNSMD de Lyon (France), où il s’est également&nbsp;spécialisé en trombone baroque avec Daniel Lassalle. L’année suivante, il obtient une&nbsp;Licence au Conservatoire d’Amsterdam et en juin 2016, il obtient son Master&nbsp;de Musique avec la plus haute distinction. En 2015, à l’âge de 22 ans, Jeffrey est&nbsp;nommé tromboniste principal du WDR Sinfonieorchester Köln (Orchestre&nbsp;symphonique de la radio ouest-allemande, Cologne, Allemagne). Depuis,&nbsp;il est également membre du prestigieux ensemble de trombones&nbsp;New Trombone Collective.<br>En plus d’être actif dans de nombreux orchestres et ensembles (Jeffrey a effectué&nbsp;plusieurs remplacements avec des orchestres et ensembles tels que l’Orchestre Royal&nbsp;du Concertgebouw, l’Orchestre symphonique de la Radio bavaroise, l’Orchestre&nbsp;Gürzenich de Cologne, l’Orchestre philharmonique de Rotterdam, l’Orchestre&nbsp;philharmonique Royal Flamand et bien d’autres), Jeffrey commence également une&nbsp;carrière de soliste. En février 2019, Jeffrey a eu l’honneur de jouer la première&nbsp;allemande d’un nouveau concerto pour trombone écrit par Richard Dubugnon :&nbsp;« Tombeau de Napoléon «, avec l’orchestre symphonique WDR à la Philharmonie&nbsp;de Cologne (Allemagne).<br>En ce qui concerne la musique de chambre, Jeffrey se produit régulièrement avec&nbsp;sa partenaire et harpiste Anneleen Schuitemaker, qui est membre du Royal&nbsp;Concertgebouw Orchestra. Bien que cette combinaison de trombone et de harpe&nbsp;puisse sembler étrange à première vue, leurs publics sont toujours agréablement&nbsp;surpris par le mélange du son des instruments et la diversité de leurs programmes.<br>En 2020, l’idée de former un quatuor de trombones avec des amis et d’anciens&nbsp;camarades de classe a donné naissance au Quatuor Bruckner. L’ensemble porte&nbsp;le nom du compositeur qui savait sans doute le mieux comment écrire pour&nbsp;les trombones de manière à les faire se mélanger et rugir : Anton Bruckner.<br>La capacité du quatuor à chanter, ainsi que sa créativité et sa virtuosité individuelle,&nbsp;en font un ensemble remarquable qui promet d’éblouir à chaque représentation.<br>À l’été 2022,Jeffrey a gagné l’International City Brass Competition de Stuttgart en Allemagne.&nbsp;</p>



<figure class="wp-block-image size-large"><img loading="lazy" decoding="async" width="1024" height="277" src="http://lesitedutrombone.fr/trombonefamily/wp-content/uploads/2023/10/banniere-1-1024x277.jpg" alt="" class="wp-image-49" srcset="https://lesitedutrombone.fr/trombonefamily/wp-content/uploads/2023/10/banniere-1-1024x277.jpg 1024w, https://lesitedutrombone.fr/trombonefamily/wp-content/uploads/2023/10/banniere-1-300x81.jpg 300w, https://lesitedutrombone.fr/trombonefamily/wp-content/uploads/2023/10/banniere-1-768x208.jpg 768w, https://lesitedutrombone.fr/trombonefamily/wp-content/uploads/2023/10/banniere-1-1536x416.jpg 1536w, https://lesitedutrombone.fr/trombonefamily/wp-content/uploads/2023/10/banniere-1-2048x555.jpg 2048w" sizes="auto, (max-width: 1024px) 100vw, 1024px" /></figure>

<p>DIMANCHE 19 mai 2024 14h-17h, salle 21 Programme Masterclass publique Artistes Jeffrey Kant, tromboneJeffrey Kant (1992) a étudié avec Jörgen van Rijen, Pierre Volders et Remko&nbsp;de Jager au Conservatoire d’Amsterdam (Pays-Bas).&nbsp;En 2013, Jeffrey a étudié six mois&nbsp;en échange avec Michel Becquet au CNSMD de Lyon (France), où il s’est également&nbsp;spécialisé en trombone baroque avec Daniel [&hellip;]</p>
